{"id":139,"date":"2020-02-17T09:21:08","date_gmt":"2020-02-17T09:21:08","guid":{"rendered":"https:\/\/demosites.io\/fitness-gb\/?page_id=139"},"modified":"2025-12-01T23:30:43","modified_gmt":"2025-12-01T23:30:43","slug":"a5213-the-gym","status":"publish","type":"page","link":"https:\/\/wp.lamolina.edu.pe\/Postgrado\/Acuicultura\/a5213-the-gym\/","title":{"rendered":"Admisi\u00f3n"},"content":{"rendered":"\n<div class=\"wp-block-cover alignfull\"><span aria-hidden=\"true\" class=\"wp-block-cover__background has-background-dim-10 has-background-dim\"><\/span><img decoding=\"async\" loading=\"lazy\" width=\"1100\" height=\"360\" class=\"wp-block-cover__image-background wp-image-1378\" alt=\"\" src=\"https:\/\/wp.lamolina.edu.pe\/Postgrado\/Acuicultura\/wp-content\/uploads\/2023\/06\/bg_94.jpg\" data-object-fit=\"cover\" srcset=\"https:\/\/wp.lamolina.edu.pe\/Postgrado\/Acuicultura\/wp-content\/uploads\/2023\/06\/bg_94.jpg 1100w, https:\/\/wp.lamolina.edu.pe\/Postgrado\/Acuicultura\/wp-content\/uploads\/2023\/06\/bg_94-300x98.jpg 300w, https:\/\/wp.lamolina.edu.pe\/Postgrado\/Acuicultura\/wp-content\/uploads\/2023\/06\/bg_94-1024x335.jpg 1024w, https:\/\/wp.lamolina.edu.pe\/Postgrado\/Acuicultura\/wp-content\/uploads\/2023\/06\/bg_94-768x251.jpg 768w\" sizes=\"(max-width: 1100px) 100vw, 1100px\" \/><div class=\"wp-block-cover__inner-container\">\n<h1 id=\"wp-block-themeisle-blocks-advanced-heading-950fd5a4\" class=\"wp-block-themeisle-blocks-advanced-heading wp-block-themeisle-blocks-advanced-heading-950fd5a4 coblocks-animate\" data-coblocks-animation=\"fadeIn\">Admisi\u00f3n<\/h1>\n<\/div><\/div>\n\n\n\n<div id=\"wp-block-themeisle-blocks-advanced-columns-0273539a\" class=\"wp-block-themeisle-blocks-advanced-columns alignfull has-1-columns has-desktop-equal-layout has-tablet-equal-layout has-mobile-equal-layout has-vertical-unset\"><div class=\"wp-block-themeisle-blocks-advanced-columns-overlay\"><\/div><div class=\"innerblocks-wrap\">\n<div id=\"wp-block-themeisle-blocks-advanced-column-77cbf08c\" class=\"wp-block-themeisle-blocks-advanced-column\">\n<span id=\"wp-block-themeisle-blocks-advanced-heading-96034b55\" class=\"wp-block-themeisle-blocks-advanced-heading wp-block-themeisle-blocks-advanced-heading-96034b55\"><strong>MAESTR\u00cdA EN ACUICULTURA-UNALM<\/strong><\/span>\n<h2 id=\"wp-block-themeisle-blocks-advanced-heading-b89eeed3\" class=\"wp-block-themeisle-blocks-advanced-heading wp-block-themeisle-blocks-advanced-heading-b89eeed3\"> <strong>PROCESO DE ADMISI\u00d3N 2026-<\/strong>I <\/h2>\n<div style=\"height:29px\" aria-hidden=\"true\" class=\"wp-block-spacer\"><\/div>\n<div class=\"wp-block-buttons\">\n<div class=\"wp-block-button has-custom-font-size is-style-secondary has-medium-font-size\"><a class=\"wp-block-button__link wp-element-button\" href=\"https:\/\/admision-epg.lamolina.edu.pe\/\" target=\"_blank\" rel=\"noreferrer noopener\">ADMISI\u00d3N 2026 -I<\/a><\/div>\n<\/div>\n<div style=\"height:23px\" aria-hidden=\"true\" class=\"wp-block-spacer\"><\/div>\n<span id=\"wp-block-themeisle-blocks-advanced-heading-8658a85a\" class=\"wp-block-themeisle-blocks-advanced-heading wp-block-themeisle-blocks-advanced-heading-8658a85a coblocks-animate\" data-coblocks-animation=\"slideInLeft\"><strong>INSCRIPCIONES HASTA EL&nbsp;07 DE MARZO,&nbsp;2026<\/strong><\/span>\n<figure class=\"wp-block-table is-style-stripes\"><table class=\"has-neve-text-color-color has-text-color\"><tbody><tr><td class=\"has-text-align-left\" data-align=\"left\"><strong>1\u00b0 PASO<\/strong><br>Inscripciones desde aqu\u00ed: <strong><a href=\"https:\/\/admision-epg.lamolina.edu.pe\/\" target=\"_blank\" rel=\"noreferrer noopener\">https:\/\/admision-epg.lamolina.edu.pe\/<\/a><\/strong> , con el fin de obtener su c\u00f3digo de pago que le permitir\u00e1 realizar el pago en el banco, dicho c\u00f3digo lo podr\u00e1 visualizar en la boleta que le arrojar\u00e1 el sistema de inscripci\u00f3n.<\/td><\/tr><tr><td class=\"has-text-align-left\" data-align=\"left\"><strong>2\u00b0 PASO<\/strong><br>El pago de postulantes nacionales es de S\/. 400.00 Soles, realizar el pago seg\u00fan lugar de ubicaci\u00f3n con la boleta en el banco.<br>Si tuviera alguna duda comun\u00edquese al <strong>WhatsApp 988762375.<\/strong><\/td><\/tr><tr><td class=\"has-text-align-left\" data-align=\"left\"><strong>El pago de postulantes extranjeros es de $ 200 D\u00f3lares<br>Inf\u00f3rmese:&nbsp;<a rel=\"noreferrer noopener\" href=\"mailto:maestria.acuicultura@lamolina.edu.pe\" target=\"_blank\">maestria.acuicultura@lamolina.edu.pe<\/a><\/strong><\/td><\/tr><tr><td class=\"has-text-align-left\" data-align=\"left\"><strong>3\u00b0 PASO<\/strong><br>Volver a Ingresar al SISTEMA DE INSCRIPCI\u00d3N VIRTUAL, subir los requisitos de admisi\u00f3n en digital al sistema, continuar con el llenado de sus Datos Personales, Acad\u00e9micos, Laborales y ACEPTAR la Declaraci\u00f3n Jurada Virtual el cual indicar\u00e1 que cuenta con los siguientes documentos:<br><br><br>1. Certificado de estudios universitarios (*)<br>2. Grado de Bachiller o T\u00edtulo profesional (*)<br>3. Promedio ponderado acumulado o Constancia de orden de m\u00e9rito (referencial).<br>4. Curr\u00edculo Vitae sin documentar<br>5. Copia del D.N.I.<br>6. Constancia de inscripci\u00f3n virtual entregada por el sistema de inscripci\u00f3n.<br>7. Perfil de proyecto de investigaci\u00f3n 3 a 6 p\u00e1ginas ( No necesariamente ser\u00e1 su tema de tesis).<br>8. Comprobante del pago del banco<br>(*) Copia legalizada por la universidad en la que estudio.<strong><br><\/strong><\/td><\/tr><tr><td class=\"has-text-align-left\" data-align=\"left\"><strong>4\u00b0 PASO:<\/strong><br>Visualizar la fecha de su Examen y Entrevista Personal en la plataforma virtual de la EPG.<br>Se le informar\u00e1 acerca de la modalidad de entrevista y el examen escrito.<\/td><\/tr><tr><td class=\"has-text-align-left\" data-align=\"left\"><strong>DURACI\u00d3N:<\/strong>&nbsp;4 semestres acad\u00e9micos (2 a\u00f1os aprox.)<br><strong>TOTAL DE CR\u00c9DITOS:&nbsp;<\/strong> 48 cr\u00e9ditos como m\u00ednimo. El t\u00e9rmino de la maestr\u00eda depender\u00e1 que el estudiante cumpla con la aprobaci\u00f3n de los 48 cr\u00e9ditos, rinda su examen de ingl\u00e9s, examen de grado y sustentaci\u00f3n de tesis.<\/td><\/tr><tr><td class=\"has-text-align-left\" data-align=\"left\"><strong>PROCESO DE MATR\u00cdCULA\u00a0\u00a02026 &#8211; I<\/strong>I<\/td><\/tr><tr><td class=\"has-text-align-left\" data-align=\"left\"><strong>1. COSTOS DE MATR\u00cdCULA POR SEMESTRE VIGENTE:<\/strong><br><br>Costo de matr\u00edcula 2025-I: 147.90 soles<br>Costo de carn\u00e9 universitario&nbsp;anual: 16 soles<\/td><\/tr><tr><td class=\"has-text-align-left\" data-align=\"left\"><strong>2. COSTOS DE LA OFICINA DE BIENESTAR ESTUDIANTIL UNALM<\/strong><br><br>Seguros Estudiantil y Contra Accidentes:&nbsp;105 soles aprox. cada semestre, pero si cuenta con seguro contra accidentes puede exonerarse.<br>Examen m\u00e9dico&nbsp;<strong>solo el primer semestre:<\/strong>&nbsp;100 soles aprox.<\/td><\/tr><tr><td class=\"has-text-align-left\" data-align=\"left\"><strong>3. COSTOS DE ENSE\u00d1ANZA VIGENTE POR SEMESTRE 2026-I:<\/strong><br>&#8211; Costo de 1 cr\u00e9dito: S\/. 410 soles (Costo para alumnos nacionales)<br>&#8211; Costo de 1 cr\u00e9dito: S\/. 820 soles (Costo para alumnos extranjeros)<br><br><br><strong>La Maestr\u00eda en Acuicultura implica 4 semestres acad\u00e9micos:<\/strong><br><br><strong>Costo de ense\u00f1anza: <\/strong>El costo de un cr\u00e9dito es: S\/. 410 soles<br>En los primeros tres semestres debe llevar de 12 a 14 cr\u00e9ditos <u>por semestre<\/u>, si lleva 14 x 410 es <strong>5,740 soles (COSTO DE ENSE\u00d1ANZA)<\/strong> en el primer semestre. (Los cr\u00e9ditos depende de la programaci\u00f3n de cursos de cada semestre)<br><br><strong>Facilidades que se brindan:<\/strong> El <strong>COSTO DE ENSE\u00d1ANZA<\/strong> lo puede partir en 4 cuatro cuotas, una cuota inicial y el resto en 3 cuotas en todo el semestre acad\u00e9mico.<br><br><strong>Cuota inicial<\/strong>: Puede cancelar al matricularse el 25%, 30% o 40% del costo total de ense\u00f1anza del semestre. Y puede dividir el saldo en 3 cuotas mensuales con una tasa de inter\u00e9s m\u00ednima.<br><br><strong>Beneficio econ\u00f3mico<\/strong>: Tiene un descuento por pago al contado del costo de ense\u00f1anza.<br><br><strong>Costos de matr\u00edcula<\/strong>: Aparte cada semestre se paga matricula 147.90 soles , seguros de bienestar ( si tiene seguro contra accidentes puede exonerarse).<br><br>En el cuarto semestre lleva menos cr\u00e9ditos por lo tanto el costo de ese semestre baja significativamente pues lleva solo los cr\u00e9ditos de investigaci\u00f3n.<br>La cuota mensual depender\u00e1 del abono de la cuota inicial para que las 3 cuotas sean mas bajas.<br><br><strong>MODALIDAD:<\/strong><br>Es modular en el semestre 2026-I : Se dictar\u00e1 un curso por mes, el semestre tiene cuatro meses, en 9 d\u00edas seguidos presenciales , es decir aproximadamente una semana por mes. Se empieza un s\u00e1bado y termina el domingo subsiguiente.<br><br>Solicite las fechas y horarios al whatsapp: 988762375<br><\/td><\/tr><tr><td class=\"has-text-align-left\" data-align=\"left\"><br><\/td><\/tr><\/tbody><\/table><\/figure>\n<h3 id=\"wp-block-themeisle-blocks-advanced-heading-24fc1562\" class=\"wp-block-themeisle-blocks-advanced-heading wp-block-themeisle-blocks-advanced-heading-24fc1562 coblocks-animate\" data-coblocks-animation=\"slideInLeft\"><strong>COMUN\u00cdQUESE CON NOSOTROS<\/strong><\/h3>\n<figure class=\"wp-block-table is-style-stripes\"><table class=\"has-nv-dark-bg-color has-nv-site-bg-background-color has-text-color has-background\"><tbody><tr><td>Correo <a rel=\"noreferrer noopener\" href=\"mailto:maestria.acuicultura@lamolina.edu.pe\" target=\"_blank\">maestria.acuicultura@lamolina.edu.pe<\/a><br>WhatsApp 988 762 375<br>Facebook <a rel=\"noreferrer noopener\" href=\"https:\/\/www.facebook.com\/profile.php?id=100020327490080\" target=\"_blank\">https:\/\/www.facebook.com\/profile.php?id=100020327490080<\/a><br>Fan page <a rel=\"noreferrer noopener\" href=\"https:\/\/www.facebook.com\/maestria.acuicultura?__cft__%5B0%5D=AZUToxUrtfeYzOrK9aFGTm544IVgtu-pTHF6_ZKgsdGIJWelZ7QeDtI1UCblkmFSojtT1ae6cw7qcMfsaZCd7wWce5WvFWUuME39BgkMlb8EoeWETEhrxfUkzV6rqAnBcRLFRBTjQqqYHFwq79mk3y9r9J9zmgYtsCLGlin8g9Pxs9ttHyNbumsaXRiSJaQcbYE&amp;__tn__=-%5DK*F\" target=\"_blank\"><strong>https:\/\/www.facebook.com\/maestria.acuicultura<\/strong><\/a><br>Youtube <a rel=\"noreferrer noopener\" href=\"https:\/\/youtu.be\/7wmrw2svekw?fbclid=IwAR0s9zPzgoW-2ctA6AeZQJ7CWv2hKv0KYKG9ExKcMbA26bF1mkjqwdlJNuQ\" target=\"_blank\">https:\/\/youtu.be\/7wmrw2svekw<\/a><br>Twitter <a rel=\"noreferrer noopener\" href=\"https:\/\/twitter.com\/AcuiMaestria?fbclid=IwAR3p9MOyIwFVK50dMflVjf69NIJwAd68baekYhdDWx4oO6Hr8WmGIRtQuD4\" target=\"_blank\">https:\/\/twitter.com\/AcuiMaestria<\/a><br>Instagram <a rel=\"noreferrer noopener\" href=\"https:\/\/www.instagram.com\/acuimaestria\/reels\/?fbclid=IwAR2T3fgxSvC6zgBQ_AcU7v-ew6nnhderlX6q1j9zigY6gEe-YXtMCXoEjnU\" target=\"_blank\">https:\/\/www.instagram.com\/acuimaestria\/reels\/<\/a><br>Web <a rel=\"noreferrer noopener\" href=\"http:\/\/www.lamolina.edu.pe\/Postgrado\/acuicultura\/inicio.html?fbclid=IwAR3O7fyA1-Y3yK3IG2Y9dqBDGATKYrMVe7yJreCOFqTPrpItnCM-gFyfaJQ\" target=\"_blank\">http:\/\/www.lamolina.edu.pe\/Postgrado\/acuicultura\/inicio.html<\/a>&nbsp;<\/td><\/tr><\/tbody><\/table><\/figure>\n<\/div>\n<\/div><\/div>\n\n\n\n<div id=\"wp-block-themeisle-blocks-advanced-columns-0082e7f2\" class=\"wp-block-themeisle-blocks-advanced-columns alignwide has-2-columns has-desktop-equal-layout has-tablet-equal-layout has-mobile-collapsedRows-layout has-vertical-unset\"><div class=\"wp-block-themeisle-blocks-advanced-columns-overlay\"><\/div><div class=\"innerblocks-wrap\">\n<div id=\"wp-block-themeisle-blocks-advanced-column-d3d8f5b4\" class=\"wp-block-themeisle-blocks-advanced-column has-light-bg\">\n<span id=\"wp-block-themeisle-blocks-advanced-heading-70698b89\" class=\"wp-block-themeisle-blocks-advanced-heading wp-block-themeisle-blocks-advanced-heading-70698b89\"><strong>MAESTR\u00cdA EN ACUICULTURA-UNALM<\/strong><\/span>\n<h2 id=\"wp-block-themeisle-blocks-advanced-heading-4ec6bdfb\" class=\"wp-block-themeisle-blocks-advanced-heading wp-block-themeisle-blocks-advanced-heading-4ec6bdfb coblocks-animate\" data-coblocks-animation=\"clipVertical\">Inscr\u00edbete y s\u00e9 parte de nosotros<\/h2>\n<\/div>\n<div id=\"wp-block-themeisle-blocks-advanced-column-ebaf5fd9\" class=\"wp-block-themeisle-blocks-advanced-column has-dark-bg\">\n<div class=\"wp-block-buttons\">\n<div class=\"wp-block-button is-style-primary\"><a class=\"wp-block-button__link wp-element-button\" href=\"https:\/\/admision-epg.lamolina.edu.pe\/\" target=\"_blank\" rel=\"noreferrer noopener\">INSCRIPCIONES 2026-I<\/a><\/div>\n<\/div>\n<\/div>\n<\/div><\/div>\n\n\n\n<div style=\"height:30px\" aria-hidden=\"true\" class=\"wp-block-spacer\"><\/div>\n\n\n\n<div id=\"wp-block-themeisle-blocks-advanced-columns-d71dbe7f\" class=\"wp-block-themeisle-blocks-advanced-columns alignfull has-2-columns has-desktop-equal-layout has-tablet-equal-layout has-mobile-collapsedRows-layout has-vertical-center has-dark-bg\"><div class=\"wp-block-themeisle-blocks-advanced-columns-overlay\"><\/div><div class=\"innerblocks-wrap\">\n<div id=\"wp-block-themeisle-blocks-advanced-column-11f00c69\" class=\"wp-block-themeisle-blocks-advanced-column\">\n<span id=\"wp-block-themeisle-blocks-advanced-heading-254febeb\" class=\"wp-block-themeisle-blocks-advanced-heading wp-block-themeisle-blocks-advanced-heading-254febeb\"><strong><strong>EN EL CORAZ\u00d3N DE LA MOLINA<\/strong><\/strong><\/span>\n<h2 id=\"wp-block-themeisle-blocks-advanced-heading-ba8a9dc4\" class=\"wp-block-themeisle-blocks-advanced-heading wp-block-themeisle-blocks-advanced-heading-ba8a9dc4\">Visita y cont\u00e1ctanos<\/h2>\n<span id=\"wp-block-themeisle-blocks-advanced-heading-4fce5c34\" class=\"wp-block-themeisle-blocks-advanced-heading wp-block-themeisle-blocks-advanced-heading-4fce5c34\"><strong><strong>DE LUNES A VIERNES DE 9:00 AM A 05:00 PM<\/strong><\/strong><\/span>\n<p class=\"has-white-color has-text-color\">Av. La Molina s\/n, La Molina \u2013 Lima.<\/p>\n<p class=\"has-neve-link-hover-color-color has-text-color\">Telf.: 614-7800 Anexo: 209<br>Cel.: 988762375<\/p>\n<span id=\"wp-block-themeisle-blocks-advanced-heading-f5a611fb\" class=\"wp-block-themeisle-blocks-advanced-heading wp-block-themeisle-blocks-advanced-heading-f5a611fb\"><strong><strong>maestria.acuicultura@lamolina.edu.pe<\/strong><\/strong><\/span>\n<span id=\"wp-block-themeisle-blocks-advanced-heading-b4549e36\" class=\"wp-block-themeisle-blocks-advanced-heading wp-block-themeisle-blocks-advanced-heading-b4549e36\"><strong><strong>Av. La Molina s\/n, La Molina \u2013 Lima.<\/strong><\/strong><\/span>\n<\/div>\n<div id=\"wp-block-themeisle-blocks-advanced-column-7abab17f\" class=\"wp-block-themeisle-blocks-advanced-column\">\n<figure class=\"wp-block-image size-large is-style-rounded\"><img decoding=\"async\" loading=\"lazy\" width=\"600\" height=\"600\" src=\"https:\/\/wp.lamolina.edu.pe\/Postgrado\/Acuicultura\/wp-content\/uploads\/2019\/07\/600x600.jpg\" alt=\"\" class=\"wp-image-90\" srcset=\"https:\/\/wp.lamolina.edu.pe\/Postgrado\/Acuicultura\/wp-content\/uploads\/2019\/07\/600x600.jpg 600w, https:\/\/wp.lamolina.edu.pe\/Postgrado\/Acuicultura\/wp-content\/uploads\/2019\/07\/600x600-300x300.jpg 300w, https:\/\/wp.lamolina.edu.pe\/Postgrado\/Acuicultura\/wp-content\/uploads\/2019\/07\/600x600-150x150.jpg 150w\" sizes=\"(max-width: 600px) 100vw, 600px\" \/><\/figure>\n<\/div>\n<\/div><\/div>\n\n\n\n<p><\/p>\n","protected":false},"excerpt":{"rendered":"<p>MAESTR\u00cdA EN ACUICULTURA-UNALM PROCESO DE ADMISI\u00d3N 2026-I ADMISI\u00d3N 2026 -I INSCRIPCIONES HASTA EL&nbsp;07 DE MARZO,&nbsp;2026 1\u00b0 PASOInscripciones desde aqu\u00ed: https:\/\/admision-epg.lamolina.edu.pe\/ , con el fin de obtener su c\u00f3digo de pago que le permitir\u00e1 realizar el pago en el banco, dicho c\u00f3digo lo podr\u00e1 visualizar en la boleta que le arrojar\u00e1 el sistema de inscripci\u00f3n. 2\u00b0&hellip;&nbsp;<a href=\"https:\/\/wp.lamolina.edu.pe\/Postgrado\/Acuicultura\/a5213-the-gym\/\" rel=\"bookmark\">Leer m\u00e1s &raquo;<span class=\"screen-reader-text\">Admisi\u00f3n<\/span><\/a><\/p>\n","protected":false},"author":1,"featured_media":0,"parent":0,"menu_order":0,"comment_status":"closed","ping_status":"closed","template":"page-templates\/template-pagebuilder-full-width.php","meta":{"_coblocks_attr":"","_coblocks_dimensions":"","_coblocks_responsive_height":"","_coblocks_accordion_ie_support":"","neve_meta_sidebar":"full-width","neve_meta_container":"contained","neve_meta_enable_content_width":"on","neve_meta_content_width":100,"neve_meta_title_alignment":"center","neve_meta_author_avatar":"","neve_post_elements_order":"","neve_meta_disable_header":"","neve_meta_disable_footer":"","neve_meta_disable_title":"","_themeisle_gutenberg_block_has_review":false},"_links":{"self":[{"href":"https:\/\/wp.lamolina.edu.pe\/Postgrado\/Acuicultura\/wp-json\/wp\/v2\/pages\/139"}],"collection":[{"href":"https:\/\/wp.lamolina.edu.pe\/Postgrado\/Acuicultura\/wp-json\/wp\/v2\/pages"}],"about":[{"href":"https:\/\/wp.lamolina.edu.pe\/Postgrado\/Acuicultura\/wp-json\/wp\/v2\/types\/page"}],"author":[{"embeddable":true,"href":"https:\/\/wp.lamolina.edu.pe\/Postgrado\/Acuicultura\/wp-json\/wp\/v2\/users\/1"}],"replies":[{"embeddable":true,"href":"https:\/\/wp.lamolina.edu.pe\/Postgrado\/Acuicultura\/wp-json\/wp\/v2\/comments?post=139"}],"version-history":[{"count":15,"href":"https:\/\/wp.lamolina.edu.pe\/Postgrado\/Acuicultura\/wp-json\/wp\/v2\/pages\/139\/revisions"}],"predecessor-version":[{"id":1724,"href":"https:\/\/wp.lamolina.edu.pe\/Postgrado\/Acuicultura\/wp-json\/wp\/v2\/pages\/139\/revisions\/1724"}],"wp:attachment":[{"href":"https:\/\/wp.lamolina.edu.pe\/Postgrado\/Acuicultura\/wp-json\/wp\/v2\/media?parent=139"}],"curies":[{"name":"wp","href":"https:\/\/api.w.org\/{rel}","templated":true}]}}