{"id":103,"date":"2025-02-25T13:41:52","date_gmt":"2025-02-25T18:41:52","guid":{"rendered":"http:\/\/172.16.50.168\/egresados\/?page_id=103"},"modified":"2025-10-09T12:10:17","modified_gmt":"2025-10-09T17:10:17","slug":"videos","status":"publish","type":"page","link":"https:\/\/wp.lamolina.edu.pe\/egresados\/index.php\/videos\/","title":{"rendered":"Videos"},"content":{"rendered":"\n<h3 class=\"wp-block-heading has-text-align-center has-green-color has-text-color has-link-color wp-elements-e0d20950917d16b8bab0c73d9ed28b86\"><a href=\"https:\/\/viceacad.lamolina.edu.pe\/sites\/Egresados\/EGRESADA%20TRABAJANDO\"><strong>EGRESADOS TRABAJANDO<\/strong><\/a><\/h3>\n\n\n\n<p class=\"has-text-align-center has-white-color has-green-background-color has-text-color has-background has-link-color has-normal-font-size wp-elements-d55fd92d983745fadc86f29852c522ff\"><strong>Programa de Reconocimiento: Redes de Talento!??<\/strong><\/p>\n\n\n\n<p><strong>Conoce el Programa de Reconocimiento Redes de Talento a los egresados de la carrera de Pesquer\u00eda de la UNALM<\/strong><img decoding=\"async\" alt=\"?\" height=\"16\" data-src=\"https:\/\/static.xx.fbcdn.net\/images\/emoji.php\/v9\/tbe\/1\/16\/1f3c6.png\" width=\"16\" src=\"data:image\/gif;base64,R0lGODlhAQABAAAAACH5BAEKAAEALAAAAAABAAEAAAICTAEAOw==\" class=\"lazyload\" style=\"--smush-placeholder-width: 16px; --smush-placeholder-aspect-ratio: 16\/16;\"><img decoding=\"async\" alt=\"?\" height=\"16\" data-src=\"https:\/\/static.xx.fbcdn.net\/images\/emoji.php\/v9\/t94\/1\/16\/1f49a.png\" width=\"16\" src=\"data:image\/gif;base64,R0lGODlhAQABAAAAACH5BAEKAAEALAAAAAABAAEAAAICTAEAOw==\" class=\"lazyload\" style=\"--smush-placeholder-width: 16px; --smush-placeholder-aspect-ratio: 16\/16;\"><\/p>\n\n\n\n<p>En Pesquera Centinela, reconocemos la labor que realiza cada colaborador en su \u00e1rea d\u00eda a d\u00eda e impulsamos su crecimiento y desarrollo personal como profesional. Asimismo, destacamos a aquellos que constantemente sacan adelante diferentes proyectos alineados a nuestro prop\u00f3sito y a nuestros pilares organizacionales: Innovaci\u00f3n, Seguridad, Eficiencia, Equipo, Humano y Calidad.<\/p>\n\n\n\n<p>Te invitamos a conocer el testimonio de la egresada de la carrera de Ingenier\u00eda Pesquera de la UNALM ,ganadora de la Red de Oro.<strong>\u00abKatherine Leyla Anchayhua Torres\u00bb<\/strong> ,<strong>Analista de Inteligencia Comercial y Exportaciones<\/strong>.<img decoding=\"async\" height=\"16\" width=\"16\" data-src=\"https:\/\/static.xx.fbcdn.net\/images\/emoji.php\/v9\/tbe\/1\/16\/1f3c6.png\" alt=\"?\" src=\"data:image\/gif;base64,R0lGODlhAQABAAAAACH5BAEKAAEALAAAAAABAAEAAAICTAEAOw==\" class=\"lazyload\" style=\"--smush-placeholder-width: 16px; --smush-placeholder-aspect-ratio: 16\/16;\"><img decoding=\"async\" height=\"16\" width=\"16\" data-src=\"https:\/\/static.xx.fbcdn.net\/images\/emoji.php\/v9\/t94\/1\/16\/1f49a.png\" alt=\"?\" src=\"data:image\/gif;base64,R0lGODlhAQABAAAAACH5BAEKAAEALAAAAAABAAEAAAICTAEAOw==\" class=\"lazyload\" style=\"--smush-placeholder-width: 16px; --smush-placeholder-aspect-ratio: 16\/16;\"><\/p>\n\n\n\n<p class=\"has-text-align-left\"><a href=\"https:\/\/www.facebook.com\/hashtag\/culturadeexcelencia?__eep__=6&amp;__cft__[0]=AZXPCKGKxiLqlqV7_xAZrjl8X4XhgG86bf-oe_LGdVX51FgTlpeZnvVrOLenwSFDgZUTCic78f88W-m9cmeUEIKcDnsvJVU3ythJ2F1ZnV_Qs8YN1XYFC4baH12M7gRan9hfVCRTzCi1N8ncPr1U3tw29z7_FYjyc7Ob_ebZhsjrww&amp;__tn__=*NK-R\">#CulturaDeExcelencia<\/a>&nbsp;<a href=\"https:\/\/www.facebook.com\/hashtag\/redesdetalento?__eep__=6&amp;__cft__[0]=AZXPCKGKxiLqlqV7_xAZrjl8X4XhgG86bf-oe_LGdVX51FgTlpeZnvVrOLenwSFDgZUTCic78f88W-m9cmeUEIKcDnsvJVU3ythJ2F1ZnV_Qs8YN1XYFC4baH12M7gRan9hfVCRTzCi1N8ncPr1U3tw29z7_FYjyc7Ob_ebZhsjrww&amp;__tn__=*NK-R\">#RedesDeTalento<\/a>&nbsp;<a href=\"https:\/\/www.facebook.com\/hashtag\/programadereconocimiento?__eep__=6&amp;__cft__[0]=AZXPCKGKxiLqlqV7_xAZrjl8X4XhgG86bf-oe_LGdVX51FgTlpeZnvVrOLenwSFDgZUTCic78f88W-m9cmeUEIKcDnsvJVU3ythJ2F1ZnV_Qs8YN1XYFC4baH12M7gRan9hfVCRTzCi1N8ncPr1U3tw29z7_FYjyc7Ob_ebZhsjrww&amp;__tn__=*NK-R\">#ProgramaDeReconocimiento<\/a>&nbsp;<a href=\"https:\/\/www.facebook.com\/hashtag\/sectorpesquero?__eep__=6&amp;__cft__[0]=AZXPCKGKxiLqlqV7_xAZrjl8X4XhgG86bf-oe_LGdVX51FgTlpeZnvVrOLenwSFDgZUTCic78f88W-m9cmeUEIKcDnsvJVU3ythJ2F1ZnV_Qs8YN1XYFC4baH12M7gRan9hfVCRTzCi1N8ncPr1U3tw29z7_FYjyc7Ob_ebZhsjrww&amp;__tn__=*NK-R\">#sectorpesquero<\/a><\/p>\n\n\n\n<iframe data-src=\"https:\/\/www.facebook.com\/plugins\/video.php?href=https%3A%2F%2Fwww.facebook.com%2Fegresadosagrariaunalm%2Fvideos%2F1576220683191569%2F%3Fref%3Dembed_video&#038;show_text=0&#038;width=560\" width=\"650\" height=\"315\" style=\"border:none;overflow:hidden\" scrolling=\"no\" frameborder=\"0\" allowfullscreen=\"true\" allow=\"autoplay; clipboard-write; encrypted-media; picture-in-picture; web-share\" allowFullScreen=\"true\" src=\"data:image\/gif;base64,R0lGODlhAQABAAAAACH5BAEKAAEALAAAAAABAAEAAAICTAEAOw==\" class=\"lazyload\" data-load-mode=\"1\"><\/iframe>\n\n\n\n<h1 class=\"wp-block-heading has-text-align-center has-green-color has-text-color has-link-color has-normal-font-size wp-elements-c1d8e77fd579669cd981f12733c11c9a\"><\/h1>\n\n\n\n<p><\/p>\n\n\n\n<p class=\"has-text-align-center has-white-color has-green-background-color has-text-color has-background has-link-color wp-elements-02e1e5054efe05770e435741311a0070\"><strong>Agrovisi\u00f3n Per\u00fa y su Programa Young Talent -Historia de \u00e9xito Egresado destacado de la UNALM<\/strong><\/p>\n\n\n\n<p>Trabajamos de la mano de los profesionales m\u00e1s talentosos del Per\u00fa! ??<br>En Agrovision, apostamos por impulsar el talento joven. Nuestro programa Young Talent es una iniciativa mediante la cual identificamos a estudiantes o reci\u00e9n egresados con alto rendimiento acad\u00e9mico en carreras relacionadas al sector agroindustrial, de universidades peruanas e internacionales. Mediante este, tenemos la oportunidad de formar en la pr\u00e1ctica y conocimientos especializados de nuestro negocio, a los mejores prospectos, para que puedan potenciar su talento y asumir posiciones de liderazgo.&nbsp;<br><br>\u00c9l es&nbsp;<a href=\"https:\/\/www.linkedin.com\/in\/ACoAACVAUiEBif1W1_7L040f30M5Eqf583ZPp4w\">ESTEBAN C\u00d3RDOVA<\/a>, uno de nuestros l\u00edderes parte del programa Young Talent. Profesional destacado de la&nbsp;<a href=\"https:\/\/www.linkedin.com\/company\/universidad-nacional-agraria-la-molina\/\">Universidad Nacional Agraria La Molina<\/a>&nbsp;y hoy, Jefe de Campo &#8211; Ar\u00e1ndano de uno de nuestros fundos. \u00a1Conoce su experiencia de vida aqu\u00ed! ???<br><br><a href=\"https:\/\/www.linkedin.com\/feed\/hashtag\/?keywords=agrovision&amp;highlightedUpdateUrns=urn%3Ali%3Aactivity%3A6956309643006459904\">#Agrovision<\/a>&nbsp;<a href=\"https:\/\/www.linkedin.com\/feed\/hashtag\/?keywords=agroindustria&amp;highlightedUpdateUrns=urn%3Ali%3Aactivity%3A6956309643006459904\">#Agroindustria<\/a>&nbsp;<a href=\"https:\/\/www.linkedin.com\/feed\/hashtag\/?keywords=youngtalent&amp;highlightedUpdateUrns=urn%3Ali%3Aactivity%3A6956309643006459904\">#YoungTalent<\/a>&nbsp;<a href=\"https:\/\/www.linkedin.com\/feed\/hashtag\/?keywords=comercioexterior&amp;highlightedUpdateUrns=urn%3Ali%3Aactivity%3A6956309643006459904\">#ComercioExterior<\/a>&nbsp;<a href=\"https:\/\/www.linkedin.com\/feed\/hashtag\/?keywords=unalm&amp;highlightedUpdateUrns=urn%3Ali%3Aactivity%3A6956309643006459904\">#UNALM<\/a><\/p>\n\n\n\n<iframe data-src=\"https:\/\/www.facebook.com\/plugins\/video.php?href=https%3A%2F%2Fwww.facebook.com%2Fegresadosagrariaunalm%2Fvideos%2F589690296053021%2F%3Fref%3Dembed_video&#038;show_text=0&#038;width=560\" width=\"650\" height=\"315\" style=\"border:none;overflow:hidden\" scrolling=\"no\" frameborder=\"0\" allowfullscreen=\"true\" allow=\"autoplay; clipboard-write; encrypted-media; picture-in-picture; web-share\" allowFullScreen=\"true\" src=\"data:image\/gif;base64,R0lGODlhAQABAAAAACH5BAEKAAEALAAAAAABAAEAAAICTAEAOw==\" class=\"lazyload\" data-load-mode=\"1\"><\/iframe>\n\n\n\n<h1 class=\"wp-block-heading has-text-align-center has-white-color has-green-background-color has-text-color has-background has-link-color has-normal-font-size wp-elements-9802d45274fe3bcdf49d70f06325a1e0\"><strong>Programa de pr\u00e1cticas pre profesionales \u201cCultivando Talento 2022\u201d<\/strong><\/h1>\n\n\n\n<p>Programa de pr\u00e1cticas pre profesionales \u201cCultivando Talento 2022\u201d. ?<br><br>En esta oportunidad, 10 estudiantes de&nbsp;<a href=\"https:\/\/www.linkedin.com\/feed\/hashtag\/?keywords=ingenier%C3%ADaagr%C3%B3noma&amp;highlightedUpdateUrns=urn%3Ali%3Aactivity%3A6929939399413510146\">#Ingenier\u00edaAgr\u00f3noma<\/a>&nbsp;de la&nbsp;<a href=\"https:\/\/www.linkedin.com\/company\/universidad-nacional-agraria-la-molina\/\">Universidad Nacional Agraria La Molina<\/a>&nbsp;se incorporan a nuestra operaci\u00f3n de ar\u00e1ndano.<br><br>Gracias al acompa\u00f1amiento de mentores del programa, ellas y ellos reforzar\u00e1n sus conocimientos t\u00e9cnicos y habilidades blandas, y pondr\u00e1n en pr\u00e1ctica lo aprendido, para seguir desarroll\u00e1ndose y creciendo dentro de nuestra gran&nbsp;<a href=\"https:\/\/www.linkedin.com\/feed\/hashtag\/?keywords=familiadanper&amp;highlightedUpdateUrns=urn%3Ali%3Aactivity%3A6929939399413510146\">#FamiliaDanper<\/a>&nbsp;?<\/p>\n\n\n\n<iframe allow=\"autoplay; clipboard-write; encrypted-media; picture-in-picture; web-share\" allowfullscreen=\"true\" frameborder=\"0\" height=\"750\" scrolling=\"no\" data-src=\"https:\/\/www.facebook.com\/plugins\/video.php?height=314&amp;href=https%3A%2F%2Fwww.facebook.com%2Fegresadosagrariaunalm%2Fvideos%2F738188037213941%2F&amp;show_text=false&amp;width=560&amp;t=0\" style=\"border:none;overflow:hidden\" width=\"560\" src=\"data:image\/gif;base64,R0lGODlhAQABAAAAACH5BAEKAAEALAAAAAABAAEAAAICTAEAOw==\" class=\"lazyload\" data-load-mode=\"1\"><\/iframe>\n\n\n\n<p class=\"has-text-align-center has-white-color has-green-background-color has-text-color has-background has-link-color wp-elements-bbbaefe29364b709086fb4f602fa1e8e\"><strong>\u201cRosalyn Pardave: Cumpliendo sue\u00f1os con ciencia y pasi\u00f3n\u201d<\/strong><\/p>\n\n\n\n<p>\ud83c\udf93\ud83d\udc9a De La Molina para el mundo: nuestra egresada Rosalyn Pardave nos comparte su camino como bi\u00f3loga apasionada por la investigaci\u00f3n de la fauna silvestre.<br>Hoy celebra su maestr\u00eda con distinci\u00f3n en Sud\u00e1frica, demostrando que los sue\u00f1os se cumplen con esfuerzo y dedicaci\u00f3n.<br>\ud83d\udc49 Descubre su inspirador testimonio en el video.<\/p>\n\n\n\n<iframe data-src=\"https:\/\/www.facebook.com\/plugins\/video.php?height=314&#038;href=https%3A%2F%2Fwww.facebook.com%2Freel%2F4066557516944132%2F&#038;show_text=false&#038;width=560&#038;t=0\" width=\"560\" height=\"314\" style=\"border:none;overflow:hidden\" scrolling=\"no\" frameborder=\"0\" allowfullscreen=\"true\" allow=\"autoplay; clipboard-write; encrypted-media; picture-in-picture; web-share\" allowFullScreen=\"true\" src=\"data:image\/gif;base64,R0lGODlhAQABAAAAACH5BAEKAAEALAAAAAABAAEAAAICTAEAOw==\" class=\"lazyload\" data-load-mode=\"1\"><\/iframe>\n\n\n\n<p><\/p>\n","protected":false},"excerpt":{"rendered":"<p>EGRESADOS TRABAJANDO Programa de Reconocimiento: Redes de Talento!?? Conoce el Programa de Reconocimiento Redes de Talento a los egresados de la carrera de Pesquer\u00eda de la UNALM En Pesquera Centinela, reconocemos la labor que realiza cada colaborador en su \u00e1rea d\u00eda a d\u00eda e impulsamos su crecimiento y desarrollo personal como profesional. Asimismo, destacamos a [&hellip;]<\/p>\n","protected":false},"author":1,"featured_media":0,"parent":0,"menu_order":0,"comment_status":"closed","ping_status":"closed","template":"","meta":{"_uag_custom_page_level_css":"","footnotes":""},"class_list":["post-103","page","type-page","status-publish","hentry"],"uagb_featured_image_src":{"full":false,"thumbnail":false,"medium":false,"medium_large":false,"large":false,"1536x1536":false,"2048x2048":false,"university-hub-thumb":false},"uagb_author_info":{"display_name":"admin","author_link":"https:\/\/wp.lamolina.edu.pe\/egresados\/index.php\/author\/admin\/"},"uagb_comment_info":0,"uagb_excerpt":"EGRESADOS TRABAJANDO Programa de Reconocimiento: Redes de Talento!?? Conoce el Programa de Reconocimiento Redes de Talento a los egresados de la carrera de Pesquer\u00eda de la UNALM En Pesquera Centinela, reconocemos la labor que realiza cada colaborador en su \u00e1rea d\u00eda a d\u00eda e impulsamos su crecimiento y desarrollo personal como profesional. Asimismo, destacamos a&hellip;","_links":{"self":[{"href":"https:\/\/wp.lamolina.edu.pe\/egresados\/index.php\/wp-json\/wp\/v2\/pages\/103","targetHints":{"allow":["GET"]}}],"collection":[{"href":"https:\/\/wp.lamolina.edu.pe\/egresados\/index.php\/wp-json\/wp\/v2\/pages"}],"about":[{"href":"https:\/\/wp.lamolina.edu.pe\/egresados\/index.php\/wp-json\/wp\/v2\/types\/page"}],"author":[{"embeddable":true,"href":"https:\/\/wp.lamolina.edu.pe\/egresados\/index.php\/wp-json\/wp\/v2\/users\/1"}],"replies":[{"embeddable":true,"href":"https:\/\/wp.lamolina.edu.pe\/egresados\/index.php\/wp-json\/wp\/v2\/comments?post=103"}],"version-history":[{"count":31,"href":"https:\/\/wp.lamolina.edu.pe\/egresados\/index.php\/wp-json\/wp\/v2\/pages\/103\/revisions"}],"predecessor-version":[{"id":1311,"href":"https:\/\/wp.lamolina.edu.pe\/egresados\/index.php\/wp-json\/wp\/v2\/pages\/103\/revisions\/1311"}],"wp:attachment":[{"href":"https:\/\/wp.lamolina.edu.pe\/egresados\/index.php\/wp-json\/wp\/v2\/media?parent=103"}],"curies":[{"name":"wp","href":"https:\/\/api.w.org\/{rel}","templated":true}]}}