{"id":191,"date":"2025-03-04T12:11:07","date_gmt":"2025-03-04T17:11:07","guid":{"rendered":"http:\/\/172.16.50.168\/egresados\/?page_id=191"},"modified":"2025-05-19T12:24:41","modified_gmt":"2025-05-19T17:24:41","slug":"economia-y-planificacion","status":"publish","type":"page","link":"https:\/\/wp.lamolina.edu.pe\/egresados\/index.php\/economia-y-planificacion\/","title":{"rendered":"Econom\u00eda y Planificaci\u00f3n"},"content":{"rendered":"\n<p><strong>PERFIL DEL EGRESADO:<\/strong><\/p>\n\n\n\n<p>El&nbsp;economista egresado de la UNALM es un profesional con una s\u00f3lida formaci\u00f3n en teor\u00eda econ\u00f3mica, financiera y m\u00e9todos cuantitativos, que interpreta e investiga la realidad econ\u00f3mica en sus diferentes \u00e1mbitos territoriales, p\u00fablico o privado, y formula alternativas de soluci\u00f3n a los problemas econ\u00f3micos con un enfoque social y ambiental, gestionando eficientemente el uso de recursos econ\u00f3micos y financieros; caracterizado por un eficaz trabajo multidisciplinario, pensamiento cr\u00edtico, \u00e9tico, con una actitud innovadora y proactiva, que act\u00faa con responsabilidad y compromiso con el desarrollo sostenible.<\/p>\n\n\n\n<p>Las competencias b\u00e1sicas, gen\u00e9ricas y especializadas que formar\u00e1n parte del perfil de egreso de la carrera profesional de Econom\u00eda son las siguientes:<\/p>\n\n\n\n<p><strong>Competencias B\u00e1sicas:<\/strong><\/p>\n\n\n\n<p>\u201cElabora informes para una comunicaci\u00f3n eficaz escrita y oral, utilizando informaci\u00f3n y&nbsp;t\u00e9cnicas con principios del m\u00e9todo cient\u00edfico\u201d.<\/p>\n\n\n\n<p>Habilidad para la lectura y la escritura, la comunicaci\u00f3n oral, y el c\u00e1lculo, razona en base a los&nbsp;principios de la ciencia y el manejo de tecnolog\u00edas, las mismas que deben permitir:<\/p>\n\n\n\n<p><strong>\u00c9tica profesional:<\/strong>&nbsp;Practica principios \u00e9ticos, act\u00faa de manera responsable en el desarrollo de&nbsp;labores y respeta las normas de convivencia establecidas.<\/p>\n\n\n\n<p><strong>Comunicaci\u00f3n efectiva:<\/strong>&nbsp;Expresa una comunicaci\u00f3n eficaz escrita y oral, mediante la presentaci\u00f3n de informes, dise\u00f1o de documentaci\u00f3n y exposiciones eficaces, con una&nbsp;transmisi\u00f3n y recepci\u00f3n de instrucciones claras.<\/p>\n\n\n\n<p><strong>Liderazgo y trabajo en equipo:<\/strong>&nbsp;Se desenvuelve eficazmente como individuo y como miembro o l\u00edder en diversos equipos, as\u00ed como en un entorno multidisciplinario.<\/p>\n\n\n\n<p><strong>Competencias Gen\u00e9ricas<\/strong><\/p>\n\n\n\n<ul class=\"wp-block-list\">\n<li>Dise\u00f1a y eval\u00faa pol\u00edticas macroecon\u00f3micas destinadas a lograr el crecimiento econ\u00f3mico de corto y largo plazo en un contexto de globalizaci\u00f3n econ\u00f3mica, sobre la base de una s\u00f3lida formaci\u00f3n en teor\u00eda macroecon\u00f3mica y financiera.<\/li>\n\n\n\n<li>Eval\u00faa y propone estrategias que corrijan, mejoren y desarrollen las condiciones de competencia en los mercados de factores, bienes y servicios, sobre la base de una s\u00f3lida formaci\u00f3n en teor\u00eda microecon\u00f3mica.<\/li>\n\n\n\n<li>Elabora modelos de procesos o fen\u00f3menos econ\u00f3micos complejos para explicar y predecir comportamientos para la toma de mejores decisiones, sobre la base de una s\u00f3lida formaci\u00f3n en m\u00e9todos, t\u00e9cnicas e instrumentos cuantitativos.<\/li>\n\n\n\n<li>Eval\u00faa la situaci\u00f3n econ\u00f3mica y financiera de las empresas, y propone estrategias de direcci\u00f3n financiera que aporten y generen valor en el mercado.<\/li>\n\n\n\n<li>Formula y eval\u00faa proyectos de inversi\u00f3n de naturaleza p\u00fablica y privada, y los esquemas de contrataci\u00f3n mixto p\u00fablico-privado, para el uso eficiente de los recursos financieros.<\/li>\n\n\n\n<li>Propone y desarrolla investigaciones sobre la realidad econ\u00f3mica, formula alternativas para solucionar problemas econ\u00f3micos aplicando principios, teor\u00edas y t\u00e9cnicas de la ciencia econ\u00f3mica con un enfoque social y ambiental.<\/li>\n<\/ul>\n\n\n\n<p><strong>Competencias especializadas<\/strong><\/p>\n\n\n\n<ul class=\"wp-block-list\">\n<li>Valora econ\u00f3micamente los recursos naturales, la biodiversidad, los servicios ecosist\u00e9micos, las externalidades de la acci\u00f3n humana y la adaptaci\u00f3n al cambio clim\u00e1tico, para contribuir su gesti\u00f3n sostenible.<\/li>\n\n\n\n<li>Eval\u00faa econ\u00f3mica y financieramente planes y proyectos de innovaci\u00f3n y mejora de competitividad en el sector agrario para contribuir al desarrollo rural y la seguridad alimentaria, con un enfoque de sostenibilidad.<\/li>\n<\/ul>\n\n\n<div class=\"wp-block-image\">\n<figure class=\"aligncenter size-full\"><img decoding=\"async\" width=\"1200\" height=\"682\" data-src=\"http:\/\/172.16.50.142\/egresados\/wp-content\/uploads\/2025\/05\/banco-de-credito-bcp-82.jpg\" alt=\"\" class=\"wp-image-1020 lazyload\" src=\"data:image\/gif;base64,R0lGODlhAQABAAAAACH5BAEKAAEALAAAAAABAAEAAAICTAEAOw==\" style=\"--smush-placeholder-width: 1200px; --smush-placeholder-aspect-ratio: 1200\/682;\" \/><\/figure>\n<\/div>\n\n<div class=\"wp-block-image\">\n<figure class=\"aligncenter size-full\"><img decoding=\"async\" width=\"613\" height=\"460\" data-src=\"http:\/\/172.16.50.142\/egresados\/wp-content\/uploads\/2025\/05\/1466486.png\" alt=\"\" class=\"wp-image-1021 lazyload\" src=\"data:image\/gif;base64,R0lGODlhAQABAAAAACH5BAEKAAEALAAAAAABAAEAAAICTAEAOw==\" style=\"--smush-placeholder-width: 613px; --smush-placeholder-aspect-ratio: 613\/460;\" \/><\/figure>\n<\/div>","protected":false},"excerpt":{"rendered":"<p>PERFIL DEL EGRESADO: El&nbsp;economista egresado de la UNALM es un profesional con una s\u00f3lida formaci\u00f3n en teor\u00eda econ\u00f3mica, financiera y m\u00e9todos cuantitativos, que interpreta e investiga la realidad econ\u00f3mica en sus diferentes \u00e1mbitos territoriales, p\u00fablico o privado, y formula alternativas de soluci\u00f3n a los problemas econ\u00f3micos con un enfoque social y ambiental, gestionando eficientemente el [&hellip;]<\/p>\n","protected":false},"author":1,"featured_media":0,"parent":0,"menu_order":0,"comment_status":"closed","ping_status":"closed","template":"","meta":{"_uag_custom_page_level_css":"","footnotes":""},"class_list":["post-191","page","type-page","status-publish","hentry"],"uagb_featured_image_src":{"full":false,"thumbnail":false,"medium":false,"medium_large":false,"large":false,"1536x1536":false,"2048x2048":false,"university-hub-thumb":false},"uagb_author_info":{"display_name":"admin","author_link":"https:\/\/wp.lamolina.edu.pe\/egresados\/index.php\/author\/admin\/"},"uagb_comment_info":0,"uagb_excerpt":"PERFIL DEL EGRESADO: El&nbsp;economista egresado de la UNALM es un profesional con una s\u00f3lida formaci\u00f3n en teor\u00eda econ\u00f3mica, financiera y m\u00e9todos cuantitativos, que interpreta e investiga la realidad econ\u00f3mica en sus diferentes \u00e1mbitos territoriales, p\u00fablico o privado, y formula alternativas de soluci\u00f3n a los problemas econ\u00f3micos con un enfoque social y ambiental, gestionando eficientemente el&hellip;","_links":{"self":[{"href":"https:\/\/wp.lamolina.edu.pe\/egresados\/index.php\/wp-json\/wp\/v2\/pages\/191","targetHints":{"allow":["GET"]}}],"collection":[{"href":"https:\/\/wp.lamolina.edu.pe\/egresados\/index.php\/wp-json\/wp\/v2\/pages"}],"about":[{"href":"https:\/\/wp.lamolina.edu.pe\/egresados\/index.php\/wp-json\/wp\/v2\/types\/page"}],"author":[{"embeddable":true,"href":"https:\/\/wp.lamolina.edu.pe\/egresados\/index.php\/wp-json\/wp\/v2\/users\/1"}],"replies":[{"embeddable":true,"href":"https:\/\/wp.lamolina.edu.pe\/egresados\/index.php\/wp-json\/wp\/v2\/comments?post=191"}],"version-history":[{"count":5,"href":"https:\/\/wp.lamolina.edu.pe\/egresados\/index.php\/wp-json\/wp\/v2\/pages\/191\/revisions"}],"predecessor-version":[{"id":1022,"href":"https:\/\/wp.lamolina.edu.pe\/egresados\/index.php\/wp-json\/wp\/v2\/pages\/191\/revisions\/1022"}],"wp:attachment":[{"href":"https:\/\/wp.lamolina.edu.pe\/egresados\/index.php\/wp-json\/wp\/v2\/media?parent=191"}],"curies":[{"name":"wp","href":"https:\/\/api.w.org\/{rel}","templated":true}]}}