{"id":1096,"date":"2022-04-06T21:44:48","date_gmt":"2022-04-06T21:44:48","guid":{"rendered":"https:\/\/wp.lamolina.edu.pe\/facultadeconomia\/?page_id=1096"},"modified":"2023-09-28T20:22:08","modified_gmt":"2023-09-28T20:22:08","slug":"unidad_extension","status":"publish","type":"page","link":"https:\/\/wp.lamolina.edu.pe\/facultadeconomia\/unidad_extension\/","title":{"rendered":"Unidad de Extensi\u00f3n Universitaria y Proyecci\u00f3n Social"},"content":{"rendered":"<p>[et_pb_section fb_built=&#8221;1&#8243; _builder_version=&#8221;4.16&#8243; _module_preset=&#8221;default&#8221; custom_padding=&#8221;76px||4px|||&#8221; global_colors_info=&#8221;{}&#8221;][et_pb_row _builder_version=&#8221;4.16&#8243; _module_preset=&#8221;default&#8221; global_colors_info=&#8221;{}&#8221;][et_pb_column type=&#8221;4_4&#8243; _builder_version=&#8221;4.16&#8243; _module_preset=&#8221;default&#8221; global_colors_info=&#8221;{}&#8221;][et_pb_text _builder_version=&#8221;4.16&#8243; _module_preset=&#8221;default&#8221; text_font=&#8221;||||||||&#8221; text_text_color=&#8221;#0c5e36&#8243; header_font=&#8221;||||||||&#8221; header_text_align=&#8221;center&#8221; header_text_color=&#8221;#0c5e36&#8243; header_font_size=&#8221;34px&#8221; header_letter_spacing=&#8221;3px&#8221; text_orientation=&#8221;center&#8221; global_colors_info=&#8221;{}&#8221;]<\/p>\n<h1 class=\"section-title text-center wow fadeInDown\">UNIDAD DE EXTENSI\u00d3N UNIVERSITARIA Y PROYECCI\u00d3N SOCIAL<\/h1>\n<p>[\/et_pb_text][et_pb_image src=&#8221;https:\/\/wp.lamolina.edu.pe\/facultadeconomia\/wp-content\/uploads\/2021\/06\/pie-seccion.png&#8221; title_text=&#8221;pie-seccion&#8221; align=&#8221;center&#8221; _builder_version=&#8221;4.16&#8243; _module_preset=&#8221;default&#8221; width=&#8221;12%&#8221; max_width=&#8221;61%&#8221; module_alignment=&#8221;center&#8221; custom_margin=&#8221;-22px||||false|false&#8221; global_colors_info=&#8221;{}&#8221;][\/et_pb_image][\/et_pb_column][\/et_pb_row][et_pb_row _builder_version=&#8221;4.16&#8243; _module_preset=&#8221;default&#8221; global_colors_info=&#8221;{}&#8221;][et_pb_column type=&#8221;4_4&#8243; _builder_version=&#8221;4.16&#8243; _module_preset=&#8221;default&#8221; global_colors_info=&#8221;{}&#8221;][et_pb_text _builder_version=&#8221;4.16&#8243; _module_preset=&#8221;default&#8221; text_text_color=&#8221;#0c5e36&#8243; text_font_size=&#8221;20px&#8221; text_letter_spacing=&#8221;1px&#8221; text_line_height=&#8221;1.3em&#8221; module_alignment=&#8221;center&#8221; global_colors_info=&#8221;{}&#8221;]<\/p>\n<p>La extensi\u00f3n y proyecci\u00f3n social es una de las funciones de la universidad, tal como est\u00e1 establecido en el art\u00edculo 7 de la Ley Universitaria 30220, y el art\u00edculo 1 del Reglamento General UNALM. En ese sentido, la unidad de extensi\u00f3n universitaria y proyecci\u00f3n social de la facultad de Econom\u00eda y Planificaci\u00f3n (UEUPS \u2013 FEP) es la encargada de integrar las actividades de extensi\u00f3n universitaria y de proyecci\u00f3n social de la misma.<\/p>\n<p>Contacto: <a href=\"mailto:extension.economia@lamolina.edu.pe\" target=\"_blank\" rel=\"noopener\">extension.economia@lamolina.edu.pe<\/a><\/p>\n<p>[\/et_pb_text][\/et_pb_column][\/et_pb_row][et_pb_row column_structure=&#8221;1_3,1_3,1_3&#8243; _builder_version=&#8221;4.16&#8243; _module_preset=&#8221;default&#8221; global_colors_info=&#8221;{}&#8221;][et_pb_column type=&#8221;1_3&#8243; _builder_version=&#8221;4.16&#8243; _module_preset=&#8221;default&#8221; global_colors_info=&#8221;{}&#8221;][et_pb_text _builder_version=&#8221;4.22.2&#8243; _module_preset=&#8221;default&#8221; hover_enabled=&#8221;0&#8243; locked=&#8221;off&#8221; global_colors_info=&#8221;{}&#8221; sticky_enabled=&#8221;0&#8243;]<\/p>\n<h4><a href=\"https:\/\/www.bpc.com.pe\/especializaciones-unalm\" target=\"_blank\" rel=\"noopener\"><span style=\"color: #003300;\"><strong><br \/><img loading=\"lazy\" decoding=\"async\" src=\"https:\/\/wp.lamolina.edu.pe\/facultadeconomia\/wp-content\/uploads\/2022\/05\/Logo-Business-Partner-Company-BPC-Business-School-1.png\" width=\"250\" height=\"245\" alt=\"\" class=\"wp-image-1151 alignnone size-full\" style=\"display: block; margin-left: auto; margin-right: auto;\" \/><\/strong><\/span><\/a><\/h4>\n<h4><span style=\"color: #003300;\"><strong><\/strong><\/span><\/h4>\n<h4><span style=\"color: #003300;\"><strong><\/strong><\/span><\/h4>\n<h4><span style=\"color: #003300;\"><strong><\/strong><\/span><\/h4>\n<p><strong>Programas ofrecidos en convenio con Business Partner Company &#8211; BPC Business School<\/strong><\/p>\n<p>21\u00b0 PAE EN SUPPLY CHAIN MANAGEMENT<\/p>\n<p>Duraci\u00f3n: 240 horas acad\u00e9micas<\/p>\n<p>Inicio: mi\u00e9rcoles 04 de octubre del 2023<\/p>\n<p>Web: <a href=\"https:\/\/www.bpc.com.pe\/pde-supply-chain\"><em>https:\/\/www.bpc.com.pe\/pde-supply-chain<\/em><\/a><\/p>\n<p>&nbsp;<\/p>\n<p>16\u00b0 PAE EN GERENCIA ESTRAT\u00c9GICA CON KPI\u2019S Y OKR\u2019S<\/p>\n<p>Duraci\u00f3n: 240 horas acad\u00e9micas<\/p>\n<p>Inicio: jueves 05 de octubre del 2023<\/p>\n<p>Web: <a href=\"https:\/\/www.bpc.com.pe\/pde-gerencia-estrategica-kpis-okrs\"><em>https:\/\/www.bpc.com.pe\/pde-gerencia-estrategica-kpis-okrs<\/em><\/a><\/p>\n<p>&nbsp;<\/p>\n<p>15\u00b0 PAE EN GERENCIA DE PROYECTOS BASADO EN LA GU\u00cdA DEL PMBOK<\/p>\n<p>Duraci\u00f3n: 240 horas acad\u00e9micas<\/p>\n<p>Inicio: s\u00e1bado 07 de octubre del 2023<\/p>\n<p>Web: <a href=\"https:\/\/www.bpc.com.pe\/pde-gerencia-proyectos-pmbok\"><em>https:\/\/www.bpc.com.pe\/pde-gerencia-proyectos-pmbok<\/em><\/a><\/p>\n<p><em>\u00a0<\/em><\/p>\n<p>33\u00b0 PAE EN BIG DATA &amp; DATA SCIENCE<\/p>\n<p>Duraci\u00f3n: 240 horas acad\u00e9micas<\/p>\n<p>Inicio: s\u00e1bado 07 de octubre del 2023<\/p>\n<p>Web: <a href=\"https:\/\/www.bpc.com.pe\/pde-bigdata-datascience\"><em>https:\/\/www.bpc.com.pe\/pde-bigdata-datascience<\/em><\/a><\/p>\n<p><em>\u00a0<\/em><\/p>\n<p>20\u00b0 PAE EN GERENCIA DE LOG\u00cdSTICA<\/p>\n<p>Duraci\u00f3n: 240 horas acad\u00e9micas<\/p>\n<p>Inicio: s\u00e1bado 07 de octubre del 2023<\/p>\n<p>Web: <a href=\"https:\/\/www.bpc.com.pe\/pde-gerencia-logistica\"><em>https:\/\/www.bpc.com.pe\/pde-gerencia-logistica<\/em><\/a><\/p>\n<p><em>\u00a0<\/em><\/p>\n<p>24\u00b0 PAE EN GERENCIA DE PRODUCCI\u00d3N<\/p>\n<p>Duraci\u00f3n: 240 horas acad\u00e9micas<\/p>\n<p>Inicio: s\u00e1bado 07 de octubre del 2023<\/p>\n<p>Web: <a href=\"https:\/\/www.bpc.com.pe\/pde-gerencia-produccion\"><em>https:\/\/www.bpc.com.pe\/pde-gerencia-produccion<\/em><\/a><\/p>\n<p><em>\u00a0<\/em><\/p>\n<p>8\u00b0 PAE EN GERENCIA COMERCIAL<\/p>\n<p>Duraci\u00f3n: 240 horas acad\u00e9micas<\/p>\n<p>Inicio: lunes 09 de octubre del 2023<\/p>\n<p>Web: <a href=\"https:\/\/www.bpc.com.pe\/pde-gerencia-comercial\"><em>https:\/\/www.bpc.com.pe\/pde-gerencia-comercial<\/em><\/a><\/p>\n<p>&nbsp;<\/p>\n<p>5\u00b0 PAE EN GESTI\u00d3N DE PROCESOS Y CALIDAD TOTAL<\/p>\n<p>Duraci\u00f3n: 240 horas acad\u00e9micas<\/p>\n<p>Inicio: lunes 09 de octubre del 2023<\/p>\n<p>Web: <a href=\"https:\/\/www.bpc.com.pe\/pde-gestion-procesos-calidad\"><em>https:\/\/www.bpc.com.pe\/pde-gestion-procesos-calidad<\/em><\/a><\/p>\n<p>&nbsp;<\/p>\n<p>7\u00b0 PAE EN LEAN SIX SIGMA GREEN BELT<\/p>\n<p>Duraci\u00f3n: 240 horas acad\u00e9micas<\/p>\n<p>Inicio: lunes 09 de octubre del 2023<\/p>\n<p>Web: <a href=\"https:\/\/www.bpc.com.pe\/pde-lean-manufacturing\"><em>https:\/\/www.bpc.com.pe\/pde-lean-manufacturing<\/em><\/a><\/p>\n<h4><strong><span style=\"color: #003300;\">Contacto para m\u00e1s informaci\u00f3n: Cel. 993937937 e-mail: <a href=\"mailto:mgutierrez@bpc.com.pe\" style=\"color: #003300;\">mgutierrez@bpc.com.pe<\/a><\/span><\/strong><\/h4>\n<h4><strong><a href=\"http:\/\/www.lamolina.edu.pe\/Rectorado\/secgeneral\/convenios_contratos\/Conv_Internacionales\/2021\/CV-2021-2832.pdf\" target=\"_blank\" rel=\"noopener\"><span style=\"color: #003300;\">Convenio vigente\u00a0<\/span><\/a><\/strong><\/h4>\n<p>[\/et_pb_text][\/et_pb_column][et_pb_column type=&#8221;1_3&#8243; _builder_version=&#8221;4.16&#8243; _module_preset=&#8221;default&#8221; global_colors_info=&#8221;{}&#8221;][et_pb_text _builder_version=&#8221;4.16&#8243; _module_preset=&#8221;default&#8221; locked=&#8221;off&#8221; global_colors_info=&#8221;{}&#8221;]<\/p>\n<h4><\/h4>\n<p>&nbsp;<\/p>\n<h4><span style=\"color: #003300;\"><strong><\/strong><\/span><\/h4>\n<h4><a href=\"http:\/\/www.lamolina.edu.pe\/agronegociosvirtual\/%20\" target=\"_blank\" rel=\"noopener\"><img loading=\"lazy\" decoding=\"async\" src=\"https:\/\/wp.lamolina.edu.pe\/facultadeconomia\/wp-content\/uploads\/2022\/09\/Logo-CEOL.jpg\" width=\"229\" height=\"222\" alt=\"\" class=\"wp-image-1197 alignnone size-full\" style=\"display: block; margin-left: auto; margin-right: auto;\" \/><\/a><\/h4>\n<h4><span style=\"color: #003300;\"><strong><\/strong><\/span><\/h4>\n<h4><span style=\"color: #003300;\"><strong>Programas y cursos de Especializaci\u00f3n ofrecidos por el Departamento Acad\u00e9mico de Gesti\u00f3n Empresarial:<\/strong><\/span><\/h4>\n<ul>\n<li>\n<h4><strong>P.E. Gesti\u00f3n de Agronegocios<\/strong><\/h4>\n<\/li>\n<\/ul>\n<h4>Fechas de Inicios: Enero y Julio<\/h4>\n<h4>Web:\u00a0<a href=\"http:\/\/www.lamolina.edu.pe\/agronegociosvirtual\/dip_gestagraria.htm\">http:\/\/www.lamolina.edu.pe\/agronegociosvirtual\/dip_gestagraria.htm<\/a><\/h4>\n<h4><\/h4>\n<ul>\n<li>\n<h4><strong>C.E.\u00a0Gesti\u00f3n de Cooperativas Agrarias<\/strong><\/h4>\n<\/li>\n<\/ul>\n<h4>Fechas de Inicios: Enero y Julio<\/h4>\n<h4>Web:\u00a0<a href=\"http:\/\/www.lamolina.edu.pe\/agronegociosvirtual\/Gestion_cooperativas_Agricolas.htm\">http:\/\/www.lamolina.edu.pe\/agronegociosvirtual\/Gestion_cooperativas_Agricolas.htm<\/a><\/h4>\n<h4><\/h4>\n<ul>\n<li>\n<h4><strong>C.E.\u00a0Gesti\u00f3n de Planes de Agronegocios<\/strong><\/h4>\n<\/li>\n<\/ul>\n<h4>Fechas de Inicios: Enero y Julio<\/h4>\n<h4>Web:\u00a0<a href=\"http:\/\/www.lamolina.edu.pe\/agronegociosvirtual\/Gestion_negocios_Agrarios.htm\">http:\/\/www.lamolina.edu.pe\/agronegociosvirtual\/Gestion_negocios_Agrarios.htm<\/a><\/h4>\n<h4><\/h4>\n<h4><strong>Contacto para m\u00e1s informaci\u00f3n:<\/strong><\/h4>\n<h4><strong>Correo:\u00a0<a href=\"mailto:agronegociosvirtual@lamolina.edu.pe\">agronegociosvirtual@lamolina.edu.pe<\/a><\/strong><\/h4>\n<h4><strong>Web:\u00a0<a href=\"http:\/\/www.lamolina.edu.pe\/agronegociosvirtual\/\">http:\/\/www.lamolina.edu.pe\/agronegociosvirtual\/<\/a><\/strong><\/h4>\n<p>[\/et_pb_text][\/et_pb_column][et_pb_column type=&#8221;1_3&#8243; _builder_version=&#8221;4.16&#8243; _module_preset=&#8221;default&#8221; global_colors_info=&#8221;{}&#8221;][et_pb_text _builder_version=&#8221;4.22.2&#8243; _module_preset=&#8221;default&#8221; text_font_size=&#8221;18px&#8221; hover_enabled=&#8221;0&#8243; locked=&#8221;off&#8221; global_colors_info=&#8221;{}&#8221; sticky_enabled=&#8221;0&#8243;]<\/p>\n<h4><\/h4>\n<p>&nbsp;<\/p>\n<h4><span style=\"color: #003300;\"><strong><\/strong><\/span><\/h4>\n<h4><a href=\"https:\/\/www.facebook.com\/DAEIUNALM\" target=\"_blank\" rel=\"noopener\"><img loading=\"lazy\" decoding=\"async\" src=\"https:\/\/wp.lamolina.edu.pe\/facultadeconomia\/wp-content\/uploads\/2022\/05\/Logo-DAEI.png\" width=\"229\" height=\"222\" alt=\"\" class=\"wp-image-1197 alignnone size-full\" style=\"display: block; margin-left: auto; margin-right: auto;\" \/><\/a><\/h4>\n<h4><span style=\"color: #003300;\"><strong><\/strong><\/span><\/h4>\n<p>&nbsp;<\/p>\n<ul>\n<li>\n<p><strong>Cursos ofrecidos por el Departamento Acad\u00e9mico de Estad\u00edstica e Inform\u00e1tica:<\/strong><\/p>\n<p>An\u00e1lisis de datos con R \u2013 Nivel b\u00e1sico<\/p>\n<p>Duraci\u00f3n: 20 horas acad\u00e9micas<\/p>\n<p>Inicio: jueves 05 de octubre del 2023<\/p>\n<p><strong>\u00a0<\/strong><\/p>\n<p>An\u00e1lisis de datos con R \u2013 Nivel intermedio<\/p>\n<p>Duraci\u00f3n: 20 horas acad\u00e9micas<\/p>\n<p>Inicio: s\u00e1bado 21 de octubre del 2023<\/p>\n<p><strong>\u00a0<\/strong><\/p>\n<p>An\u00e1lisis de datos con R \u2013 Nivel avanzado<\/p>\n<p>Duraci\u00f3n: 20 horas acad\u00e9micas<\/p>\n<p>Inicio: s\u00e1bado 11 de noviembre del 2023<\/p>\n<p><strong>\u00a0<\/strong><\/p>\n<p>An\u00e1lisis de series de tiempo con R<\/p>\n<p>Duraci\u00f3n: 20 horas acad\u00e9micas<\/p>\n<p>Inicio: domingo 26 de noviembre del 2023<\/p>\n<p>&nbsp;<\/p>\n<p>Dise\u00f1os experimentales con R<\/p>\n<p>Fecha de inicio por confirmar<\/p>\n<p>&nbsp;<\/p>\n<p>Estad\u00edstica espacial<\/p>\n<p>Fecha de inicio por confirmar<\/p>\n<p>&nbsp;<\/p>\n<p>Contacto para m\u00e1s informaci\u00f3n:<\/p>\n<p>Correo: <a href=\"mailto:unalm.estadistica@gmail.com\">unalm.estadistica@gmail.com<\/a><\/p>\n<\/li>\n<\/ul>\n<p>&nbsp;<\/p>\n<h4><\/h4>\n<p>[\/et_pb_text][\/et_pb_column][\/et_pb_row][\/et_pb_section]<\/p>\n","protected":false},"excerpt":{"rendered":"<p>UNIDAD DE EXTENSI\u00d3N UNIVERSITARIA Y PROYECCI\u00d3N SOCIALLa extensi\u00f3n y proyecci\u00f3n social es una de las funciones de la universidad, tal como est\u00e1 establecido en el art\u00edculo 7 de la Ley Universitaria 30220, y el art\u00edculo 1 del Reglamento General UNALM. En ese sentido, la unidad de extensi\u00f3n universitaria y proyecci\u00f3n social de la facultad de [&hellip;]<\/p>\n","protected":false},"author":1,"featured_media":0,"parent":0,"menu_order":0,"comment_status":"closed","ping_status":"closed","template":"","meta":{"_et_pb_use_builder":"on","_et_pb_old_content":"<!-- wp:divi\/placeholder \/-->","_et_gb_content_width":"","footnotes":""},"class_list":["post-1096","page","type-page","status-publish","hentry"],"_links":{"self":[{"href":"https:\/\/wp.lamolina.edu.pe\/facultadeconomia\/wp-json\/wp\/v2\/pages\/1096","targetHints":{"allow":["GET"]}}],"collection":[{"href":"https:\/\/wp.lamolina.edu.pe\/facultadeconomia\/wp-json\/wp\/v2\/pages"}],"about":[{"href":"https:\/\/wp.lamolina.edu.pe\/facultadeconomia\/wp-json\/wp\/v2\/types\/page"}],"author":[{"embeddable":true,"href":"https:\/\/wp.lamolina.edu.pe\/facultadeconomia\/wp-json\/wp\/v2\/users\/1"}],"replies":[{"embeddable":true,"href":"https:\/\/wp.lamolina.edu.pe\/facultadeconomia\/wp-json\/wp\/v2\/comments?post=1096"}],"version-history":[{"count":52,"href":"https:\/\/wp.lamolina.edu.pe\/facultadeconomia\/wp-json\/wp\/v2\/pages\/1096\/revisions"}],"predecessor-version":[{"id":1421,"href":"https:\/\/wp.lamolina.edu.pe\/facultadeconomia\/wp-json\/wp\/v2\/pages\/1096\/revisions\/1421"}],"wp:attachment":[{"href":"https:\/\/wp.lamolina.edu.pe\/facultadeconomia\/wp-json\/wp\/v2\/media?parent=1096"}],"curies":[{"name":"wp","href":"https:\/\/api.w.org\/{rel}","templated":true}]}}