{"id":256,"date":"2021-08-19T06:14:57","date_gmt":"2021-08-19T06:14:57","guid":{"rendered":"https:\/\/wp.lamolina.edu.pe\/facultadeconomia\/?page_id=256"},"modified":"2021-11-01T16:11:45","modified_gmt":"2021-11-01T16:11:45","slug":"departamento-economia-idi","status":"publish","type":"page","link":"https:\/\/wp.lamolina.edu.pe\/facultadeconomia\/departamento-economia-idi\/","title":{"rendered":"Departamento Econom\u00eda &#8211; I+D+i"},"content":{"rendered":"<p>[et_pb_section fb_built=&#8221;1&#8243; _builder_version=&#8221;4.9.3&#8243; _module_preset=&#8221;default&#8221; min_height=&#8221;1000px&#8221; height=&#8221;1300px&#8221; max_height=&#8221;1300px&#8221; custom_margin=&#8221;||-53px|||&#8221;][et_pb_row _builder_version=&#8221;4.9.3&#8243; _module_preset=&#8221;default&#8221;][et_pb_column type=&#8221;4_4&#8243; _builder_version=&#8221;4.9.3&#8243; _module_preset=&#8221;default&#8221;][et_pb_text _builder_version=&#8221;4.9.3&#8243; _module_preset=&#8221;default&#8221; text_font=&#8221;||||||||&#8221; text_text_color=&#8221;#0c5e36&#8243; header_font=&#8221;||||||||&#8221; header_text_align=&#8221;center&#8221; header_text_color=&#8221;#0c5e36&#8243; header_font_size=&#8221;31px&#8221; header_letter_spacing=&#8221;3px&#8221; text_orientation=&#8221;center&#8221;]<\/p>\n<h1 class=\"section-title text-center wow fadeInDown\">DEPARTAMENTO ACAD\u00c9MICO DE ECONOM\u00cdA Y PLANIFICACI\u00d3N<\/h1>\n<p>[\/et_pb_text][et_pb_image src=&#8221;https:\/\/wp.lamolina.edu.pe\/facultadeconomia\/wp-content\/uploads\/2021\/06\/pie-seccion.png&#8221; title_text=&#8221;pie-seccion&#8221; align=&#8221;center&#8221; _builder_version=&#8221;4.9.3&#8243; _module_preset=&#8221;default&#8221; width=&#8221;12%&#8221; max_width=&#8221;61%&#8221; module_alignment=&#8221;center&#8221; custom_margin=&#8221;-22px||||false|false&#8221;][\/et_pb_image][\/et_pb_column][\/et_pb_row][et_pb_row _builder_version=&#8221;4.9.3&#8243; _module_preset=&#8221;default&#8221; custom_padding=&#8221;48px|||||&#8221;][et_pb_column type=&#8221;4_4&#8243; _builder_version=&#8221;4.9.3&#8243; _module_preset=&#8221;default&#8221;][et_pb_text _builder_version=&#8221;4.9.3&#8243; _module_preset=&#8221;default&#8221; min_height=&#8221;54px&#8221; custom_margin=&#8221;||-36px|||&#8221; custom_padding=&#8221;||24px|||&#8221;]<\/p>\n<h3><span style=\"color: #006600;\"><strong>I + D + i<\/strong><\/span><\/h3>\n<p>[\/et_pb_text][et_pb_divider color=&#8221;#E09900&#8243; divider_position=&#8221;bottom&#8221; divider_weight=&#8221;3px&#8221; _builder_version=&#8221;4.9.3&#8243; _module_preset=&#8221;default&#8221; width=&#8221;15%&#8221; module_alignment=&#8221;left&#8221; animation_style=&#8221;slide&#8221;][\/et_pb_divider][\/et_pb_column][\/et_pb_row][et_pb_row _builder_version=&#8221;4.9.3&#8243; _module_preset=&#8221;default&#8221;][et_pb_column type=&#8221;4_4&#8243; _builder_version=&#8221;4.9.3&#8243; _module_preset=&#8221;default&#8221;][et_pb_button button_text=&#8221;DOCENTES POR L\u00cdNEA DE INVESTIGACI\u00d3N&#8221; _builder_version=&#8221;4.9.3&#8243; _module_preset=&#8221;default&#8221; custom_button=&#8221;on&#8221; button_text_size=&#8221;18px&#8221; button_text_color=&#8221;#FFFFFF&#8221; button_bg_color=&#8221;#0c5e36&#8243; button_border_radius=&#8221;12px&#8221;][\/et_pb_button][et_pb_toggle title=&#8221;CRECIMIENTO, DESCENTRALIZACI\u00d3N Y DESARROLLO&#8221; _builder_version=&#8221;4.9.3&#8243; _module_preset=&#8221;default&#8221; title_text_color=&#8221;#0c5e36&#8243; title_font_size=&#8221;18px&#8221; width=&#8221;80%&#8221; max_width=&#8221;80%&#8221; module_alignment=&#8221;center&#8221;]<\/p>\n<ul>\n<li>\n<h4><span style=\"color: #003300;\">ALCANTARA SANTILLAN, MIGUEL ANGEL<\/span><\/h4>\n<\/li>\n<li>\n<h4><span style=\"color: #003300;\">CAMASI MONTES, CARLOS FERNANDO<\/span><\/h4>\n<\/li>\n<li>\n<h4><span style=\"color: #003300;\">LEYVA PEDRAZA, TATIANA ANGELICA<\/span><\/h4>\n<\/li>\n<li>\n<h4><span style=\"color: #003300;\">LINARES SALAS, AGAPITO<\/span><\/h4>\n<\/li>\n<li>\n<h4><span style=\"color: #003300;\">MAGALLANES D\u00cdAZ, JUAN FELIPE<\/span><\/h4>\n<\/li>\n<li>\n<h4><span style=\"color: #003300;\">PEREZ HUAMAN, SILVIA ROSA<\/span><\/h4>\n<\/li>\n<li>\n<h4><span style=\"color: #003300;\">P\u00c9REZ LIU, ROSARIO ELIZABETH<\/span><\/h4>\n<\/li>\n<li>\n<h4><span style=\"color: #003300;\">PICHIHUA SERNA, ZOSIMO JUAN<\/span><\/h4>\n<\/li>\n<li>\n<h4><span style=\"color: #003300;\">ROJAS CUBAS, JUAN CARLOS<\/span><\/h4>\n<\/li>\n<\/ul>\n<p>[\/et_pb_toggle][et_pb_toggle title=&#8221;ECONOM\u00cdA AMBIENTAL, DE LOS RECURSOS NATURALES Y CAMBIO CLIM\u00c1TICO&#8221; _builder_version=&#8221;4.9.3&#8243; _module_preset=&#8221;default&#8221; title_text_color=&#8221;#0c5e36&#8243; title_font_size=&#8221;18px&#8221; width=&#8221;80%&#8221; max_width=&#8221;80%&#8221; module_alignment=&#8221;center&#8221;]<\/p>\n<ul>\n<li>\n<h4><span style=\"color: #003300;\">ALARCON NOVOA, JORGE ALFONSO<\/span><\/h4>\n<\/li>\n<li>\n<h4><span style=\"color: #003300;\">CHAPARRO GUERRA, LUIS<\/span><\/h4>\n<\/li>\n<li>\n<h4><span style=\"color: #003300;\">JIMENEZ DIAZ, LUIS ALBERTO<\/span><\/h4>\n<\/li>\n<li>\n<h4><span style=\"color: #003300;\">LA ROSA SALAZAR, MIGUEL ANGEL<\/span><\/h4>\n<\/li>\n<li>\n<h4><span style=\"color: #003300;\">LUNA ASTORGA, HUGO IBRAHIM<\/span><\/h4>\n<\/li>\n<li>\n<h4><span style=\"color: #003300;\">MINAYA GUTIERREZ, CARLOS ALBERTO<\/span><\/h4>\n<\/li>\n<li>\n<h4><span style=\"color: #003300;\">NAVARRO ANGELES, OSCAR FERNANDO<\/span><\/h4>\n<\/li>\n<li>\n<h4><span style=\"color: #003300;\">ORIHUELA ROMERO, CARLOS ENRIQUE<\/span><\/h4>\n<\/li>\n<li>\n<h4><span style=\"color: #003300;\">SILVA VIVANCO, CINDY<\/span><\/h4>\n<\/li>\n<li>\n<h4><span style=\"color: #003300;\">DIAZ, SABRINA ESTEFAN\u00cdA<\/span><\/h4>\n<\/li>\n<li>\n<h4><span style=\"color: #003300;\">LEDESMA GOYZUETA, LUIS MANUEL<\/span><\/h4>\n<\/li>\n<li>\n<h4><span style=\"color: #003300;\">S\u00c1NCHEZ UZC\u00c1TEGUI, JOS\u00c9 MIGUEL<\/span><\/h4>\n<\/li>\n<\/ul>\n<p>[\/et_pb_toggle][et_pb_toggle title=&#8221;ECONOM\u00cdA DE LA INNOVACI\u00d3N AGRARIA, SEGURIDAD ALIMENTARIA Y DESARROLLO RURAL&#8221; _builder_version=&#8221;4.9.3&#8243; _module_preset=&#8221;default&#8221; title_text_color=&#8221;#0c5e36&#8243; title_font_size=&#8221;18px&#8221; width=&#8221;80%&#8221; max_width=&#8221;80%&#8221; module_alignment=&#8221;center&#8221;]<\/p>\n<ul>\n<li>\n<h4><span style=\"color: #003300;\">CONDORI ARGANDO\u00d1A, CARLOS ALBERTO<\/span><\/h4>\n<\/li>\n<li>\n<h4><span style=\"color: #003300;\">DIEZ MATALLANA, RAMON ALBERTO<\/span><\/h4>\n<\/li>\n<li>\n<h4><span style=\"color: #003300;\">GOMEZ OSCORIMA, RAQUEL MARGOT<\/span><\/h4>\n<\/li>\n<li>\n<h4><span style=\"color: #003300;\">GUILLEN VIDAL, LUIS ALBERTO<\/span><\/h4>\n<\/li>\n<li>\n<h4><span style=\"color: #003300;\">LLERENA LAZO DE LA VEGA, GORKI HUMBERTO<\/span><\/h4>\n<\/li>\n<li>\n<h4><span style=\"color: #003300;\">MERCADO CURI, WALDEMAR FERNANDO<\/span><\/h4>\n<\/li>\n<li>\n<h4><span style=\"color: #003300;\">RODRIGUEZ GARCIA, ANGELICA<\/span><\/h4>\n<\/li>\n<li>\n<h4><span style=\"color: #003300;\">TRUJILLO CUBILLAS, HUMBERTO ALEJANDRO<\/span><\/h4>\n<\/li>\n<li>\n<h4><span style=\"color: #003300;\">LOPEZ GARCIA PETHER<\/span><\/h4>\n<\/li>\n<\/ul>\n<p>[\/et_pb_toggle][\/et_pb_column][\/et_pb_row][et_pb_row column_structure=&#8221;1_3,1_3,1_3&#8243; _builder_version=&#8221;4.9.3&#8243; _module_preset=&#8221;default&#8221; custom_padding=&#8221;27px||27px|||&#8221;][et_pb_column type=&#8221;1_3&#8243; _builder_version=&#8221;4.9.3&#8243; _module_preset=&#8221;default&#8221; background_color=&#8221;RGBA(0,0,0,0)&#8221;][et_pb_image src=&#8221;https:\/\/wp.lamolina.edu.pe\/facultadeconomia\/wp-content\/uploads\/2021\/08\/economia_idi_1.png&#8221; url=&#8221;https:\/\/wp.lamolina.edu.pe\/facultadeconomia\/departamento-economia-articulos-cientificos\/&#8221; align=&#8221;center&#8221; force_fullwidth=&#8221;on&#8221; _builder_version=&#8221;4.9.3&#8243; _module_preset=&#8221;default&#8221; background_color=&#8221;RGBA(0,0,0,0)&#8221; use_background_color_gradient=&#8221;on&#8221; custom_margin=&#8221;|17px||5px||&#8221; custom_padding=&#8221;|0px||0px||&#8221;][\/et_pb_image][\/et_pb_column][et_pb_column type=&#8221;1_3&#8243; _builder_version=&#8221;4.9.3&#8243; _module_preset=&#8221;default&#8221;][et_pb_image src=&#8221;https:\/\/wp.lamolina.edu.pe\/facultadeconomia\/wp-content\/uploads\/2021\/08\/economia_idi_2.png&#8221; url=&#8221;https:\/\/wp.lamolina.edu.pe\/facultadeconomia\/departamento-economia-libros\/&#8221; align=&#8221;center&#8221; force_fullwidth=&#8221;on&#8221; _builder_version=&#8221;4.9.3&#8243; _module_preset=&#8221;default&#8221; height=&#8221;222px&#8221; max_height=&#8221;1000px&#8221; custom_margin=&#8221;|18px||1px||&#8221; custom_padding=&#8221;0px|0px||0px||&#8221;][\/et_pb_image][\/et_pb_column][et_pb_column type=&#8221;1_3&#8243; _builder_version=&#8221;4.9.3&#8243; _module_preset=&#8221;default&#8221;][et_pb_image src=&#8221;https:\/\/wp.lamolina.edu.pe\/facultadeconomia\/wp-content\/uploads\/2021\/08\/economia_idi_3.png&#8221; url=&#8221;https:\/\/wp.lamolina.edu.pe\/facultadeconomia\/departamento-economia-circulos-de-investigacion\/&#8221; align=&#8221;center&#8221; force_fullwidth=&#8221;on&#8221; _builder_version=&#8221;4.9.3&#8243; _module_preset=&#8221;default&#8221; height=&#8221;222px&#8221; custom_margin=&#8221;|||-11px||&#8221;][\/et_pb_image][\/et_pb_column][\/et_pb_row][\/et_pb_section]<\/p>\n","protected":false},"excerpt":{"rendered":"<p>DEPARTAMENTO ACAD\u00c9MICO DE ECONOM\u00cdA Y PLANIFICACI\u00d3NI + D + i ALCANTARA SANTILLAN, MIGUEL ANGEL CAMASI MONTES, CARLOS FERNANDO LEYVA PEDRAZA, TATIANA ANGELICA LINARES SALAS, AGAPITO MAGALLANES D\u00cdAZ, JUAN FELIPE PEREZ HUAMAN, SILVIA ROSA P\u00c9REZ LIU, ROSARIO ELIZABETH PICHIHUA SERNA, ZOSIMO JUAN ROJAS CUBAS, JUAN CARLOS ALARCON NOVOA, JORGE ALFONSO CHAPARRO GUERRA, LUIS JIMENEZ DIAZ, LUIS [&hellip;]<\/p>\n","protected":false},"author":1,"featured_media":0,"parent":0,"menu_order":0,"comment_status":"closed","ping_status":"closed","template":"","meta":{"_et_pb_use_builder":"on","_et_pb_old_content":"<!-- wp:divi\/placeholder \/-->","_et_gb_content_width":"","footnotes":""},"class_list":["post-256","page","type-page","status-publish","hentry"],"_links":{"self":[{"href":"https:\/\/wp.lamolina.edu.pe\/facultadeconomia\/wp-json\/wp\/v2\/pages\/256","targetHints":{"allow":["GET"]}}],"collection":[{"href":"https:\/\/wp.lamolina.edu.pe\/facultadeconomia\/wp-json\/wp\/v2\/pages"}],"about":[{"href":"https:\/\/wp.lamolina.edu.pe\/facultadeconomia\/wp-json\/wp\/v2\/types\/page"}],"author":[{"embeddable":true,"href":"https:\/\/wp.lamolina.edu.pe\/facultadeconomia\/wp-json\/wp\/v2\/users\/1"}],"replies":[{"embeddable":true,"href":"https:\/\/wp.lamolina.edu.pe\/facultadeconomia\/wp-json\/wp\/v2\/comments?post=256"}],"version-history":[{"count":15,"href":"https:\/\/wp.lamolina.edu.pe\/facultadeconomia\/wp-json\/wp\/v2\/pages\/256\/revisions"}],"predecessor-version":[{"id":888,"href":"https:\/\/wp.lamolina.edu.pe\/facultadeconomia\/wp-json\/wp\/v2\/pages\/256\/revisions\/888"}],"wp:attachment":[{"href":"https:\/\/wp.lamolina.edu.pe\/facultadeconomia\/wp-json\/wp\/v2\/media?parent=256"}],"curies":[{"name":"wp","href":"https:\/\/api.w.org\/{rel}","templated":true}]}}