{"id":428,"date":"2021-09-29T05:32:35","date_gmt":"2021-09-29T05:32:35","guid":{"rendered":"https:\/\/wp.lamolina.edu.pe\/facultadeconomia\/?page_id=428"},"modified":"2021-11-01T16:04:48","modified_gmt":"2021-11-01T16:04:48","slug":"carrera-economia-egresados","status":"publish","type":"page","link":"https:\/\/wp.lamolina.edu.pe\/facultadeconomia\/carrera-economia-egresados\/","title":{"rendered":"Carrera Econom\u00eda &#8211; Egresados"},"content":{"rendered":"<p>[et_pb_section fb_built=&#8221;1&#8243; _builder_version=&#8221;4.9.3&#8243; _module_preset=&#8221;default&#8221; min_height=&#8221;1215.6px&#8221; max_height=&#8221;912px&#8221; custom_margin=&#8221;||-53px|||&#8221;][et_pb_row _builder_version=&#8221;4.9.3&#8243; _module_preset=&#8221;default&#8221;][et_pb_column type=&#8221;4_4&#8243; _builder_version=&#8221;4.9.3&#8243; _module_preset=&#8221;default&#8221;][et_pb_text _builder_version=&#8221;4.9.3&#8243; _module_preset=&#8221;default&#8221; text_font=&#8221;||||||||&#8221; text_text_color=&#8221;#0c5e36&#8243; header_font=&#8221;||||||||&#8221; header_text_align=&#8221;center&#8221; header_text_color=&#8221;#0c5e36&#8243; header_font_size=&#8221;31px&#8221; header_letter_spacing=&#8221;3px&#8221; text_orientation=&#8221;center&#8221;]<\/p>\n<h1 class=\"section-title text-center wow fadeInDown\">CARRERA PROFESIONAL DE ECONOM\u00cdA\u00a0<\/h1>\n<p>[\/et_pb_text][et_pb_image src=&#8221;https:\/\/wp.lamolina.edu.pe\/facultadeconomia\/wp-content\/uploads\/2021\/06\/pie-seccion.png&#8221; title_text=&#8221;pie-seccion&#8221; align=&#8221;center&#8221; _builder_version=&#8221;4.9.3&#8243; _module_preset=&#8221;default&#8221; width=&#8221;12%&#8221; max_width=&#8221;61%&#8221; module_alignment=&#8221;center&#8221; custom_margin=&#8221;-22px||||false|false&#8221;][\/et_pb_image][\/et_pb_column][\/et_pb_row][et_pb_row _builder_version=&#8221;4.9.3&#8243; _module_preset=&#8221;default&#8221; custom_padding=&#8221;48px|||||&#8221;][et_pb_column type=&#8221;4_4&#8243; _builder_version=&#8221;4.9.3&#8243; _module_preset=&#8221;default&#8221;][et_pb_text _builder_version=&#8221;4.9.3&#8243; _module_preset=&#8221;default&#8221; min_height=&#8221;54px&#8221; custom_margin=&#8221;||-36px|||&#8221; custom_padding=&#8221;||24px|||&#8221;]<\/p>\n<h3><span style=\"color: #006600;\"><strong>EGRESADOS<\/strong><\/span><\/h3>\n<p>[\/et_pb_text][et_pb_divider color=&#8221;#E09900&#8243; divider_position=&#8221;bottom&#8221; divider_weight=&#8221;3px&#8221; _builder_version=&#8221;4.9.3&#8243; _module_preset=&#8221;default&#8221; width=&#8221;15%&#8221; module_alignment=&#8221;left&#8221; animation_style=&#8221;slide&#8221;][\/et_pb_divider][\/et_pb_column][\/et_pb_row][\/et_pb_section][et_pb_section fb_built=&#8221;1&#8243; _builder_version=&#8221;4.9.3&#8243; _module_preset=&#8221;default&#8221; min_height=&#8221;679px&#8221; max_height=&#8221;689px&#8221; custom_margin=&#8221;-903px||5px||false|false&#8221; custom_padding=&#8221;0px||0px||false|false&#8221;][et_pb_row _builder_version=&#8221;4.9.3&#8243; _module_preset=&#8221;default&#8221; min_height=&#8221;528px&#8221; custom_margin=&#8221;|auto|-190px|auto||&#8221;][et_pb_column type=&#8221;4_4&#8243; _builder_version=&#8221;4.9.3&#8243; _module_preset=&#8221;default&#8221;][et_pb_text _builder_version=&#8221;4.9.3&#8243; _module_preset=&#8221;default&#8221; text_text_color=&#8221;#0c5e36&#8243; text_font_size=&#8221;20px&#8221; text_letter_spacing=&#8221;1px&#8221; text_line_height=&#8221;1.3em&#8221; module_alignment=&#8221;center&#8221;]<\/p>\n<p style=\"text-align: justify;\">A trav\u00e9s de la Sub direcci\u00f3n del seguimiento al egresado UNALM, se establece el Sistema de Seguimiento al Egresado<\/p>\n<p style=\"text-align: justify;\"><a href=\"https:\/\/viceacad.lamolina.edu.pe\/sites\/Egresados\/la-subdirecciondel-seguimiento-al-egresado\" target=\"_blank\" rel=\"noopener\">https:\/\/viceacad.lamolina.edu.pe\/sites\/Egresados\/la-subdirecciondel-seguimiento-al-egresado<\/a><\/p>\n<p style=\"text-align: justify;\">Para obtener el grado de bachiller, se establece como prerrequisito presentar la Constancia de Inscripci\u00f3n en el Sistema de Seguimiento de Egresados, conforme lo establecido en el Art. 149\u00b0 inciso e) del Reglamento General de la UNALM.<\/p>\n<p style=\"text-align: justify;\">Asimismo, la Instituci\u00f3n estableci\u00f3 el Portal de empleo para egresados UNALM<\/p>\n<p style=\"text-align: justify;\"><a href=\"https:\/\/conecta.lamolina.edu.pe\/#\/\" target=\"_blank\" rel=\"noopener\">https:\/\/conecta.lamolina.edu.pe\/#\/<\/a><\/p>\n<p style=\"text-align: justify;\">donde se puede consultar las demandas de trabajo de las Empresas nacionales e internacionales. Esta Bolsa de empleo tiene como principal objetivo canalizar y redistribuir las ofertas de empleo, pr\u00e1cticas preprofesionales y profesionales que sean pertinentes y adecuadas para el perfil profesional de los egresados de la UNALM. De esta forma se establece un v\u00ednculo de colaboraci\u00f3n permanente y efectivo entre las empresas, los egresados y la escuela que responde a las necesidades del mercado laboral local.<\/p>\n<p style=\"text-align: justify;\">Para la comunicaci\u00f3n con los egresados sobre convocatorias a los eventos especiales, charlas, talleres, cursos de educaci\u00f3n continua, eventos de reencuentro, etc, el programa de Econom\u00eda emplea el correo<\/p>\n<p style=\"text-align: justify;\"><a href=\"mailto:egresadoseconomia@lamolina.edu.pe\" target=\"_blank\" rel=\"noopener\">egresadoseconomia@lamolina.edu.pe<\/a><\/p>\n<p>[\/et_pb_text][\/et_pb_column][\/et_pb_row][\/et_pb_section]<\/p>\n","protected":false},"excerpt":{"rendered":"<p>CARRERA PROFESIONAL DE ECONOM\u00cdA\u00a0EGRESADOSA trav\u00e9s de la Sub direcci\u00f3n del seguimiento al egresado UNALM, se establece el Sistema de Seguimiento al Egresado https:\/\/viceacad.lamolina.edu.pe\/sites\/Egresados\/la-subdirecciondel-seguimiento-al-egresado Para obtener el grado de bachiller, se establece como prerrequisito presentar la Constancia de Inscripci\u00f3n en el Sistema de Seguimiento de Egresados, conforme lo establecido en el Art. 149\u00b0 inciso e) del [&hellip;]<\/p>\n","protected":false},"author":1,"featured_media":0,"parent":0,"menu_order":0,"comment_status":"closed","ping_status":"closed","template":"","meta":{"_et_pb_use_builder":"on","_et_pb_old_content":"<!-- wp:divi\/placeholder \/-->","_et_gb_content_width":"","footnotes":""},"class_list":["post-428","page","type-page","status-publish","hentry"],"_links":{"self":[{"href":"https:\/\/wp.lamolina.edu.pe\/facultadeconomia\/wp-json\/wp\/v2\/pages\/428","targetHints":{"allow":["GET"]}}],"collection":[{"href":"https:\/\/wp.lamolina.edu.pe\/facultadeconomia\/wp-json\/wp\/v2\/pages"}],"about":[{"href":"https:\/\/wp.lamolina.edu.pe\/facultadeconomia\/wp-json\/wp\/v2\/types\/page"}],"author":[{"embeddable":true,"href":"https:\/\/wp.lamolina.edu.pe\/facultadeconomia\/wp-json\/wp\/v2\/users\/1"}],"replies":[{"embeddable":true,"href":"https:\/\/wp.lamolina.edu.pe\/facultadeconomia\/wp-json\/wp\/v2\/comments?post=428"}],"version-history":[{"count":4,"href":"https:\/\/wp.lamolina.edu.pe\/facultadeconomia\/wp-json\/wp\/v2\/pages\/428\/revisions"}],"predecessor-version":[{"id":860,"href":"https:\/\/wp.lamolina.edu.pe\/facultadeconomia\/wp-json\/wp\/v2\/pages\/428\/revisions\/860"}],"wp:attachment":[{"href":"https:\/\/wp.lamolina.edu.pe\/facultadeconomia\/wp-json\/wp\/v2\/media?parent=428"}],"curies":[{"name":"wp","href":"https:\/\/api.w.org\/{rel}","templated":true}]}}