{"id":462,"date":"2021-09-29T07:04:48","date_gmt":"2021-09-29T07:04:48","guid":{"rendered":"https:\/\/wp.lamolina.edu.pe\/facultadeconomia\/?page_id=462"},"modified":"2023-12-05T20:09:50","modified_gmt":"2023-12-05T20:09:50","slug":"carrera-ingenieria-gestion-empresarial","status":"publish","type":"page","link":"https:\/\/wp.lamolina.edu.pe\/facultadeconomia\/carrera-ingenieria-gestion-empresarial\/","title":{"rendered":"Carrera Ingenier\u00eda Gesti\u00f3n Empresarial"},"content":{"rendered":"<p>[et_pb_section fb_built=&#8221;1&#8243; _builder_version=&#8221;4.16&#8243; _module_preset=&#8221;default&#8221; min_height=&#8221;1215.6px&#8221; custom_margin=&#8221;||-53px|||&#8221; global_colors_info=&#8221;{}&#8221;][et_pb_row _builder_version=&#8221;4.16&#8243; _module_preset=&#8221;default&#8221; global_colors_info=&#8221;{}&#8221;][et_pb_column type=&#8221;4_4&#8243; _builder_version=&#8221;4.16&#8243; _module_preset=&#8221;default&#8221; global_colors_info=&#8221;{}&#8221;][et_pb_text _builder_version=&#8221;4.16&#8243; _module_preset=&#8221;default&#8221; text_font=&#8221;||||||||&#8221; text_text_color=&#8221;#0c5e36&#8243; header_font=&#8221;||||||||&#8221; header_text_align=&#8221;center&#8221; header_text_color=&#8221;#0c5e36&#8243; header_font_size=&#8221;31px&#8221; header_letter_spacing=&#8221;3px&#8221; text_orientation=&#8221;center&#8221; global_colors_info=&#8221;{}&#8221;]<\/p>\n<h1 class=\"section-title text-center wow fadeInDown\">CARRERA PROFESIONAL DE INGENIER\u00cdA EN GESTI\u00d3N EMPRESARIAL<\/h1>\n<p>[\/et_pb_text][et_pb_image src=&#8221;https:\/\/wp.lamolina.edu.pe\/facultadeconomia\/wp-content\/uploads\/2021\/06\/pie-seccion.png&#8221; title_text=&#8221;pie-seccion&#8221; align=&#8221;center&#8221; _builder_version=&#8221;4.16&#8243; _module_preset=&#8221;default&#8221; width=&#8221;12%&#8221; max_width=&#8221;61%&#8221; module_alignment=&#8221;center&#8221; custom_margin=&#8221;-22px||||false|false&#8221; global_colors_info=&#8221;{}&#8221;][\/et_pb_image][\/et_pb_column][\/et_pb_row][et_pb_row _builder_version=&#8221;4.16&#8243; _module_preset=&#8221;default&#8221; custom_padding=&#8221;48px|||||&#8221; global_colors_info=&#8221;{}&#8221;][et_pb_column type=&#8221;4_4&#8243; _builder_version=&#8221;4.16&#8243; _module_preset=&#8221;default&#8221; global_colors_info=&#8221;{}&#8221;][et_pb_text _builder_version=&#8221;4.16&#8243; _module_preset=&#8221;default&#8221; min_height=&#8221;54px&#8221; custom_margin=&#8221;||-36px|||&#8221; custom_padding=&#8221;||24px|||&#8221; global_colors_info=&#8221;{}&#8221;]<\/p>\n<h3><span style=\"color: #006600;\"><strong>PRESENTACI\u00d3N<\/strong><\/span><\/h3>\n<p>[\/et_pb_text][et_pb_divider color=&#8221;#E09900&#8243; divider_position=&#8221;bottom&#8221; divider_weight=&#8221;3px&#8221; _builder_version=&#8221;4.16&#8243; _module_preset=&#8221;default&#8221; width=&#8221;15%&#8221; module_alignment=&#8221;left&#8221; animation_style=&#8221;slide&#8221; global_colors_info=&#8221;{}&#8221;][\/et_pb_divider][\/et_pb_column][\/et_pb_row][\/et_pb_section][et_pb_section fb_built=&#8221;1&#8243; _builder_version=&#8221;4.16&#8243; _module_preset=&#8221;default&#8221; min_height=&#8221;652px&#8221; max_height=&#8221;652px&#8221; custom_margin=&#8221;-903px||5px||false|false&#8221; custom_padding=&#8221;0px||0px||false|false&#8221; global_colors_info=&#8221;{}&#8221;][et_pb_row _builder_version=&#8221;4.16&#8243; _module_preset=&#8221;default&#8221; min_height=&#8221;502px&#8221; custom_margin=&#8221;|auto|-245px|auto||&#8221; custom_padding=&#8221;45px||0px|||&#8221; global_colors_info=&#8221;{}&#8221;][et_pb_column type=&#8221;4_4&#8243; _builder_version=&#8221;4.16&#8243; _module_preset=&#8221;default&#8221; global_colors_info=&#8221;{}&#8221;][et_pb_text _builder_version=&#8221;4.23.1&#8243; _module_preset=&#8221;default&#8221; text_text_color=&#8221;#0c5e36&#8243; text_font_size=&#8221;20px&#8221; text_letter_spacing=&#8221;1px&#8221; text_line_height=&#8221;1.3em&#8221; module_alignment=&#8221;center&#8221; hover_enabled=&#8221;0&#8243; global_colors_info=&#8221;{}&#8221; sticky_enabled=&#8221;0&#8243;]<\/p>\n<p style=\"text-align: justify;\">El programa de estudios de Ingenier\u00eda en Gesti\u00f3n Empresarial forma profesionales l\u00edderes con valores \u00e9ticos, preparados en el campo cient\u00edfico, tecnol\u00f3gico y administrativo para emprender y dirigir empresas de diferentes sectores incluyendo el agropecuario.<\/p>\n<p style=\"text-align: justify;\">Con el fin de satisfacer las necesidades de sus egresados y grupos de inter\u00e9s, ha implementado su Sistema de Gesti\u00f3n de Calidad bas\u00e1ndose en un enfoque de procesos, orientado hacia la mejora continua, sistemas de informaci\u00f3n y comunicaci\u00f3n, capacitaci\u00f3n constante, I+D+i y responsabilidad social, por medio de un equipo humano competente que desarrolla sus actividades siguiendo los est\u00e1ndares de calidad acad\u00e9mica.<\/p>\n<p><strong><span><\/span><\/strong><\/p>\n<p><strong><span>PERFIL DE INGRESO Y COMPETENCIAS<\/span><\/strong><\/p>\n<p><span>El aspirante a ingresar a la carrera profesional de Ingeniero en Gesti\u00f3n Empresarial<\/span><\/p>\n<p><span>deber\u00e1 tener las siguientes caracter\u00edsticas:<\/span><span>\u00a0<\/span><\/p>\n<ul>\n<li style=\"text-align: justify;\"><span> <\/span><span>Formaci\u00f3n en ciencias b\u00e1sicas: matem\u00e1tica, f\u00edsica y qu\u00edmica, elementos esenciales <\/span>para alcanzar alto rendimiento acad\u00e9mico y competitividad a nivel estudiantil.<\/li>\n<\/ul>\n<ul style=\"text-align: justify;\">\n<li><span> <\/span><span>Habilidades para comunicarse efectivamente y trabajar en equipo.<\/span><\/li>\n<li><span> <\/span><span>Actitud positiva para el aprendizaje de tecnolog\u00edas para el desarrollo empresarial y <\/span>manejo de instrumentos inform\u00e1ticos.<\/li>\n<\/ul>\n<ul style=\"text-align: justify;\">\n<li><span> <\/span><span>Inter\u00e9s por el manejo del ingl\u00e9s como un segundo idioma, como actitud fundamental <\/span>para su competitividad profesional.<\/li>\n<\/ul>\n<ul>\n<li style=\"text-align: justify;\"><span> <\/span><span>Esp\u00edritu emprendedor con deseos de crear soluciones que beneficien a la comunidad en general.<\/span><\/li>\n<li style=\"text-align: justify;\"><span> <\/span><span>Disposici\u00f3n para elaborar y ejecutar proyectos de investigaci\u00f3n individuales y <\/span>colectivos.<\/li>\n<\/ul>\n<p><span>\u00a0<\/span><\/p>\n<p><span>\u00a0<\/span><strong><span>PERFIL DE EGRESO Y COMPETENCIAS<\/span><\/strong><\/p>\n<p><span>Al finalizar la carrera profesional el egresado de Ingenier\u00eda en Gesti\u00f3n Empresarial tendr\u00e1 las competencias profesionales siguientes:<\/span><\/p>\n<p style=\"text-align: justify;\"><strong>COMPETENCIAS B\u00c1SICAS<\/strong><\/p>\n<ul>\n<li><span> <\/span><span>Comunicaci\u00f3n oral y escrita<\/span><\/li>\n<li><span> <\/span><span>Razonamiento cuantitativo\/cualitativo<\/span><\/li>\n<li><span> <\/span><span>Pensamiento visual<\/span><\/li>\n<\/ul>\n<p><span><strong>COMPETENCIAS GENERALES<\/strong><\/span><\/p>\n<ul>\n<li><span> <\/span><strong><\/strong><span>Incorpora TICs en desarrollo de cursos:<\/span><\/li>\n<li><span> <\/span><span>Proactividad:<\/span><\/li>\n<li><span> <\/span><span>Trabajo en equipo:<\/span><\/li>\n<li><span> <\/span><span>Actitud favorable al cambio (explicar cambios y su aprovechamiento en <\/span>gesti\u00f3n)<\/li>\n<\/ul>\n<ul>\n<li><span> <\/span><span>\u00c9tica<\/span><\/li>\n<li><span> <\/span><span>Investigaci\u00f3n y soluci\u00f3n de problemas:<\/span><\/li>\n<li><span> <\/span><span>Visi\u00f3n global:<\/span><\/li>\n<li><span> <\/span><span>Posee amplitud de perspectivas, tiene en cuenta la diversidad, comprende <\/span><\/li>\n<li><span> <\/span><span>Sostenibilidad (alineado a directrices UNALM)<\/span><\/li>\n<li><span> <\/span><span>Comunicaci\u00f3n en ingl\u00e9s.<\/span><\/li>\n<\/ul>\n<p><span><strong>COMPETENCIAS ESPEC\u00cdFICAS DE CARRERA<\/strong><\/span><\/p>\n<ul>\n<li><span> <\/span><span>Gestor de empresas y proyectos<\/span><\/li>\n<li><span> <\/span><span>Gestor de operaciones, tecnolog\u00eda y procesos empresariales.<\/span><\/li>\n<li><span> <\/span><span>Gestor de mercados<\/span><\/li>\n<li><span> <\/span><span>Gestor de finanzas<\/span><\/li>\n<li><span> <\/span><span>Gestor del talento<\/span><\/li>\n<li><span> <\/span><span>Desarrolla investigaci\u00f3n, innovaci\u00f3n y emprendimiento<\/span><\/li>\n<li><span> <\/span><span>Gestor de Agronegocios:<\/span><\/li>\n<\/ul>\n<p>[\/et_pb_text][\/et_pb_column][\/et_pb_row][\/et_pb_section]<\/p>\n","protected":false},"excerpt":{"rendered":"<p>CARRERA PROFESIONAL DE INGENIER\u00cdA EN GESTI\u00d3N EMPRESARIALPRESENTACI\u00d3NEl programa de estudios de Ingenier\u00eda en Gesti\u00f3n Empresarial forma profesionales l\u00edderes con valores \u00e9ticos, preparados en el campo cient\u00edfico, tecnol\u00f3gico y administrativo para emprender y dirigir empresas de diferentes sectores incluyendo el agropecuario. Con el fin de satisfacer las necesidades de sus egresados y grupos de inter\u00e9s, ha [&hellip;]<\/p>\n","protected":false},"author":1,"featured_media":0,"parent":0,"menu_order":0,"comment_status":"closed","ping_status":"closed","template":"","meta":{"_et_pb_use_builder":"on","_et_pb_old_content":"<!-- wp:divi\/placeholder \/-->","_et_gb_content_width":"","footnotes":""},"class_list":["post-462","page","type-page","status-publish","hentry"],"_links":{"self":[{"href":"https:\/\/wp.lamolina.edu.pe\/facultadeconomia\/wp-json\/wp\/v2\/pages\/462","targetHints":{"allow":["GET"]}}],"collection":[{"href":"https:\/\/wp.lamolina.edu.pe\/facultadeconomia\/wp-json\/wp\/v2\/pages"}],"about":[{"href":"https:\/\/wp.lamolina.edu.pe\/facultadeconomia\/wp-json\/wp\/v2\/types\/page"}],"author":[{"embeddable":true,"href":"https:\/\/wp.lamolina.edu.pe\/facultadeconomia\/wp-json\/wp\/v2\/users\/1"}],"replies":[{"embeddable":true,"href":"https:\/\/wp.lamolina.edu.pe\/facultadeconomia\/wp-json\/wp\/v2\/comments?post=462"}],"version-history":[{"count":5,"href":"https:\/\/wp.lamolina.edu.pe\/facultadeconomia\/wp-json\/wp\/v2\/pages\/462\/revisions"}],"predecessor-version":[{"id":1425,"href":"https:\/\/wp.lamolina.edu.pe\/facultadeconomia\/wp-json\/wp\/v2\/pages\/462\/revisions\/1425"}],"wp:attachment":[{"href":"https:\/\/wp.lamolina.edu.pe\/facultadeconomia\/wp-json\/wp\/v2\/media?parent=462"}],"curies":[{"name":"wp","href":"https:\/\/api.w.org\/{rel}","templated":true}]}}