{"id":490,"date":"2021-09-29T07:49:29","date_gmt":"2021-09-29T07:49:29","guid":{"rendered":"https:\/\/wp.lamolina.edu.pe\/facultadeconomia\/?page_id=490"},"modified":"2021-11-01T16:06:43","modified_gmt":"2021-11-01T16:06:43","slug":"carrera-ingenieria-gestion-empresarial-movilidad-y-cooperacion","status":"publish","type":"page","link":"https:\/\/wp.lamolina.edu.pe\/facultadeconomia\/carrera-ingenieria-gestion-empresarial-movilidad-y-cooperacion\/","title":{"rendered":"Carrera Ingenier\u00eda Gesti\u00f3n Empresarial &#8211; Movilidad y Cooperaci\u00f3n"},"content":{"rendered":"<p>[et_pb_section fb_built=&#8221;1&#8243; _builder_version=&#8221;4.9.3&#8243; _module_preset=&#8221;default&#8221; min_height=&#8221;6000px&#8221; max_height=&#8221;6000px&#8221; custom_margin=&#8221;||-53px|||&#8221;][et_pb_row _builder_version=&#8221;4.9.3&#8243; _module_preset=&#8221;default&#8221;][et_pb_column type=&#8221;4_4&#8243; _builder_version=&#8221;4.9.3&#8243; _module_preset=&#8221;default&#8221;][et_pb_text _builder_version=&#8221;4.9.3&#8243; _module_preset=&#8221;default&#8221; text_font=&#8221;||||||||&#8221; text_text_color=&#8221;#0c5e36&#8243; header_font=&#8221;||||||||&#8221; header_text_align=&#8221;center&#8221; header_text_color=&#8221;#0c5e36&#8243; header_font_size=&#8221;31px&#8221; header_letter_spacing=&#8221;3px&#8221; text_orientation=&#8221;center&#8221;]<\/p>\n<h1 class=\"section-title text-center wow fadeInDown\">CARRERA PROFESIONAL DE INGENIER\u00cdA EN GESTI\u00d3N EMPRESARIAL<\/h1>\n<p>[\/et_pb_text][et_pb_image src=&#8221;https:\/\/wp.lamolina.edu.pe\/facultadeconomia\/wp-content\/uploads\/2021\/06\/pie-seccion.png&#8221; title_text=&#8221;pie-seccion&#8221; align=&#8221;center&#8221; _builder_version=&#8221;4.9.3&#8243; _module_preset=&#8221;default&#8221; width=&#8221;12%&#8221; max_width=&#8221;61%&#8221; module_alignment=&#8221;center&#8221; custom_margin=&#8221;-22px||||false|false&#8221;][\/et_pb_image][\/et_pb_column][\/et_pb_row][et_pb_row _builder_version=&#8221;4.9.3&#8243; _module_preset=&#8221;default&#8221; custom_margin=&#8221;|auto|35px|auto||&#8221; custom_padding=&#8221;0px|||||&#8221;][et_pb_column type=&#8221;4_4&#8243; _builder_version=&#8221;4.9.3&#8243; _module_preset=&#8221;default&#8221;][et_pb_text _builder_version=&#8221;4.9.3&#8243; _module_preset=&#8221;default&#8221; min_height=&#8221;86px&#8221; custom_margin=&#8221;||-34px|||&#8221; custom_padding=&#8221;27px||24px|||&#8221;]<\/p>\n<h3><span style=\"color: #006600;\"><strong>MOVILIDAD Y COOPERACI\u00d3N<\/strong><\/span><\/h3>\n<p>[\/et_pb_text][et_pb_divider color=&#8221;#E09900&#8243; divider_position=&#8221;bottom&#8221; divider_weight=&#8221;3px&#8221; _builder_version=&#8221;4.9.3&#8243; _module_preset=&#8221;default&#8221; width=&#8221;15%&#8221; module_alignment=&#8221;left&#8221; animation_style=&#8221;slide&#8221;][\/et_pb_divider][\/et_pb_column][\/et_pb_row][\/et_pb_section][et_pb_section fb_built=&#8221;1&#8243; _builder_version=&#8221;4.9.3&#8243; _module_preset=&#8221;default&#8221; min_height=&#8221;4500px&#8221; max_height=&#8221;4500px&#8221; custom_margin=&#8221;-5658px||5px||false|false&#8221; custom_padding=&#8221;0px|2px|0px||false|false&#8221;][et_pb_row _builder_version=&#8221;4.9.3&#8243; _module_preset=&#8221;default&#8221; min_height=&#8221;502px&#8221; custom_margin=&#8221;|auto|-245px|auto||&#8221; custom_padding=&#8221;45px||0px|||&#8221;][et_pb_column type=&#8221;4_4&#8243; _builder_version=&#8221;4.9.3&#8243; _module_preset=&#8221;default&#8221;][et_pb_text _builder_version=&#8221;4.9.3&#8243; _module_preset=&#8221;default&#8221; text_text_color=&#8221;#0c5e36&#8243; text_font_size=&#8221;20px&#8221; text_letter_spacing=&#8221;1px&#8221; text_line_height=&#8221;1.3em&#8221; module_alignment=&#8221;center&#8221;]<\/p>\n<p style=\"text-align: justify;\"><strong>Movilidad acad\u00e9mica de estudiantes<\/strong><\/p>\n<p style=\"text-align: justify;\">En el caso de estudiantes, pueden participar en convocatorias de los diversos programas desarrollados por la ORI-UNALM. La movilidad estudiantil a trav\u00e9s de convenios nacionales o internacionales genera transferencia de conocimiento en estancias de estudios por una duraci\u00f3n de un periodo acad\u00e9mico con la finalidad fortalecer el aprendizaje y las competencias del Perfil de Egreso.<\/p>\n<p style=\"text-align: justify;\">Cabe mencionar que en el a\u00f1o 2020 y 2021 no se han realizado movilidad acad\u00e9mica de estudiantes y docentes debido a la coyuntura actual de la pandemia (COVID-19).<\/p>\n<ol style=\"text-align: justify;\">\n<li><strong> <\/strong><strong>Movilidad a nivel internacional<\/strong><\/li>\n<\/ol>\n<ul>\n<li style=\"text-align: justify;\"><strong>\u00a0<\/strong><strong>Excelencia acad\u00e9mica y Movilidad Internacional<\/strong><\/li>\n<\/ul>\n<p style=\"text-align: justify;\">Es una iniciativa del Rectorado de la UNALM, la cual se sustenta en el Art\u00edculo 42 inciso b, c y d del Estatuto de la UNLAM 2015. El programa es financiado por el Ministerio de Educaci\u00f3n, el prop\u00f3sito del programa es mejorar las competencias de los estudiantes de excelencia a trav\u00e9s de programas de intercambio acad\u00e9mico en universidades internacionales de prestigio para su desempe\u00f1o profesional e inserci\u00f3n laboral.<\/p>\n<table width=\"0\" style=\"width: 1075px;\" height=\"2217\">\n<tbody>\n<tr>\n<td style=\"width: 328.375px;\">\n<p><strong>Nombres y Apellidos<\/strong><\/p>\n<\/td>\n<td style=\"width: 271.188px;\">\n<p><strong>Universidad de destino<\/strong><\/p>\n<\/td>\n<td style=\"width: 238.438px;\">\n<p><strong>Objetivo de la Movilidad<\/strong><\/p>\n<\/td>\n<td style=\"width: 236px;\">\n<p><strong>A\u00f1o de la Movilidad<\/strong><\/p>\n<\/td>\n<\/tr>\n<tr>\n<td style=\"width: 328.375px;\">\n<p>DENIS VELASQUE PEREZ<\/p>\n<\/td>\n<td style=\"width: 271.188px;\">\n<p>Universidad Popular Aut\u00f3noma del Estado de Puebla; M\u00e9xico<\/p>\n<\/td>\n<td style=\"width: 238.438px;\">\n<p>Estudio de un semestre acad\u00e9mico<\/p>\n<\/td>\n<td style=\"width: 236px;\">\n<p>2016<\/p>\n<\/td>\n<\/tr>\n<tr>\n<td style=\"width: 328.375px;\">\n<p>KEIKO KOHATSU SEGOVIA<\/p>\n<\/td>\n<td style=\"width: 271.188px;\">\n<p>Universidad Popular Aut\u00f3noma del Estado de Puebla; M\u00e9xico<\/p>\n<\/td>\n<td style=\"width: 238.438px;\">\n<p>Estudio de un semestre acad\u00e9mico<\/p>\n<\/td>\n<td style=\"width: 236px;\">\n<p>2016<\/p>\n<\/td>\n<\/tr>\n<tr>\n<td style=\"width: 328.375px;\">\n<p>LEILY ORTIZ CORONEL<\/p>\n<\/td>\n<td style=\"width: 271.188px;\">\n<p>Universidad Popular Aut\u00f3noma del Estado de Puebla; M\u00e9xico<\/p>\n<\/td>\n<td style=\"width: 238.438px;\">\n<p>Estudio de un semestre acad\u00e9mico<\/p>\n<\/td>\n<td style=\"width: 236px;\">\n<p>2016<\/p>\n<\/td>\n<\/tr>\n<tr>\n<td style=\"width: 328.375px;\">\n<p>PIERO ESTREMADOYRO PULGAR<\/p>\n<\/td>\n<td style=\"width: 271.188px;\">\n<p>Universidad Popular Aut\u00f3noma del Estado de Puebla; M\u00e9xico<\/p>\n<\/td>\n<td style=\"width: 238.438px;\">\n<p>Estudio de un semestre acad\u00e9mico<\/p>\n<\/td>\n<td style=\"width: 236px;\">\n<p>2016<\/p>\n<\/td>\n<\/tr>\n<tr>\n<td style=\"width: 328.375px;\">\n<p>SANDRO PEIRANO GONZALVEZ<\/p>\n<\/td>\n<td style=\"width: 271.188px;\">\n<p>Universidad Popular Aut\u00f3noma del Estado de Puebla; M\u00e9xico<\/p>\n<\/td>\n<td style=\"width: 238.438px;\">\n<p>Estudio de un semestre acad\u00e9mico<\/p>\n<\/td>\n<td style=\"width: 236px;\">\n<p>2016<\/p>\n<\/td>\n<\/tr>\n<tr>\n<td style=\"width: 328.375px;\">\n<p>CARLOS RAFAEL CABELI SOLENO<\/p>\n<\/td>\n<td style=\"width: 271.188px;\">\n<p>Universidad Popular Aut\u00f3noma del Estado de Puebla; M\u00e9xico<\/p>\n<\/td>\n<td style=\"width: 238.438px;\">\n<p>Estudio de un semestre acad\u00e9mico<\/p>\n<\/td>\n<td style=\"width: 236px;\">\n<p>2017<\/p>\n<\/td>\n<\/tr>\n<tr>\n<td style=\"width: 328.375px;\">\n<p>HANS PAUL ACU\u00d1A TELLO<\/p>\n<\/td>\n<td style=\"width: 271.188px;\">\n<p>Universidad Popular Aut\u00f3noma del Estado de Puebla; M\u00e9xico<\/p>\n<\/td>\n<td style=\"width: 238.438px;\">\n<p>Estudio de un semestre acad\u00e9mico<\/p>\n<\/td>\n<td style=\"width: 236px;\">\n<p>2017<\/p>\n<\/td>\n<\/tr>\n<tr>\n<td style=\"width: 328.375px;\">\n<p>JOSELYN REBECA O&#8217;BREIN MAS\u00ccAS<\/p>\n<\/td>\n<td style=\"width: 271.188px;\">\n<p>Universidad Popular Aut\u00f3noma del Estado de Puebla; M\u00e9xico<\/p>\n<\/td>\n<td style=\"width: 238.438px;\">\n<p>Estudio de un semestre acad\u00e9mico<\/p>\n<\/td>\n<td style=\"width: 236px;\">\n<p>2017<\/p>\n<\/td>\n<\/tr>\n<tr>\n<td style=\"width: 328.375px;\">\n<p>LIU-HU CAMASCA ESPINOZA<\/p>\n<\/td>\n<td style=\"width: 271.188px;\">\n<p>Universidad Polit\u00e9cnica de Madrid; Espa\u00f1a<\/p>\n<\/td>\n<td style=\"width: 238.438px;\">\n<p>Estudio de un semestre acad\u00e9mico<\/p>\n<\/td>\n<td style=\"width: 236px;\">\n<p>2018<\/p>\n<\/td>\n<\/tr>\n<tr>\n<td style=\"width: 328.375px;\">\n<p>RENATO ALEXIS CERNA NU\u00d1EZ<\/p>\n<\/td>\n<td style=\"width: 271.188px;\">\n<p>Universidad Polit\u00e9cnica de Madrid; Espa\u00f1a<\/p>\n<\/td>\n<td style=\"width: 238.438px;\">\n<p>Estudio de un semestre acad\u00e9mico<\/p>\n<\/td>\n<td style=\"width: 236px;\">\n<p>2018<\/p>\n<\/td>\n<\/tr>\n<tr>\n<td style=\"width: 328.375px;\">\n<p>CARMEN ROSA HUAMAN VIVANCO<\/p>\n<\/td>\n<td style=\"width: 271.188px;\">\n<p>Universidad Miguel Hern\u00e1ndez; Espa\u00f1a<\/p>\n<\/td>\n<td style=\"width: 238.438px;\">\n<p>Estudio de un semestre acad\u00e9mico<\/p>\n<\/td>\n<td style=\"width: 236px;\">\n<p>2019<\/p>\n<\/td>\n<\/tr>\n<tr>\n<td style=\"width: 328.375px;\">\n<p>GROVER ANGELO CHUQUIPIONDO BRICE\u00d1O<\/p>\n<\/td>\n<td style=\"width: 271.188px;\">\n<p>Universidad Miguel Hern\u00e1ndez; Espa\u00f1a<\/p>\n<\/td>\n<td style=\"width: 238.438px;\">\n<p>Estudio de un semestre acad\u00e9mico<\/p>\n<\/td>\n<td style=\"width: 236px;\">\n<p>2019<\/p>\n<\/td>\n<\/tr>\n<tr>\n<td style=\"width: 328.375px;\">\n<p>WILLIAM ANTONHY GALVEZ VASQUEZ<\/p>\n<\/td>\n<td style=\"width: 271.188px;\">\n<p>Universidad Miguel Hern\u00e1ndez; Espa\u00f1a<\/p>\n<\/td>\n<td style=\"width: 238.438px;\">\n<p>Estudio de un semestre acad\u00e9mico<\/p>\n<\/td>\n<td style=\"width: 236px;\">\n<p>2019<\/p>\n<\/td>\n<\/tr>\n<tr>\n<td style=\"width: 328.375px;\">\n<p>IBETH DIANA PAJUELO TUCTO<\/p>\n<\/td>\n<td style=\"width: 271.188px;\">\n<p>Universidad de Tecnolog\u00eda y Agricultura de Tokio (TUAT); Jap\u00f3n<\/p>\n<\/td>\n<td style=\"width: 238.438px;\">\n<p>Estudio de un semestre acad\u00e9mico<\/p>\n<\/td>\n<td style=\"width: 236px;\">\n<p>2019<\/p>\n<\/td>\n<\/tr>\n<\/tbody>\n<\/table>\n<p>&nbsp;<\/p>\n<ul>\n<li style=\"text-align: justify;\"><strong>Alianza del Pac\u00edfico<\/strong><\/li>\n<\/ul>\n<p style=\"text-align: justify;\">La Alianza del Pac\u00edfico presenta el programa con objetivo de apoyar estudiantes y docentes a cursar materias o realizar actividades acad\u00e9micas durante un semestre en universidades de los cuatro pa\u00edses que participan (Chile, Colombia, M\u00e9xico y Per\u00fa).<\/p>\n<table width=\"0\">\n<tbody>\n<tr>\n<td width=\"162\">\n<p><strong>Nombres y Apellidos<\/strong><\/p>\n<\/td>\n<td width=\"227\">\n<p><strong>Universidad de destino<\/strong><\/p>\n<\/td>\n<td width=\"142\">\n<p><strong>Objetivo de la Movilidad<\/strong><\/p>\n<\/td>\n<td width=\"76\">\n<p><strong>A\u00f1o de la Movilidad<\/strong><\/p>\n<\/td>\n<\/tr>\n<tr>\n<td width=\"162\">\n<p>ALEJANDRA DEL CARMEN SANCHEZ GONZALEZ<\/p>\n<\/td>\n<td width=\"227\">\n<p>Universidad Popular Aut\u00f3noma del Estado de Puebla; M\u00e9xico<\/p>\n<\/td>\n<td width=\"142\">\n<p>Estudio de un semestre acad\u00e9mico<\/p>\n<\/td>\n<td width=\"76\">\n<p>2017-1<\/p>\n<\/td>\n<\/tr>\n<\/tbody>\n<\/table>\n<p>&nbsp;<\/p>\n<ul>\n<li style=\"text-align: justify;\"><strong>Beca Santander<\/strong><\/li>\n<\/ul>\n<p style=\"text-align: justify;\">El programa \u201cBecas Iberoamericana de Pre Grado Santander\u201d est\u00e1 dirigido a estudiantes de pre grado que desean seguir sus estudios durante un semestre acad\u00e9mico en una universidad iberoamericana de otro pa\u00eds a la de la Universidad de Origen, el programa es financiado por Santander.<\/p>\n<table width=\"0\">\n<tbody>\n<tr>\n<td width=\"162\">\n<p><strong>Nombres y Apellidos<\/strong><\/p>\n<\/td>\n<td width=\"227\">\n<p><strong>Universidad de destino<\/strong><\/p>\n<\/td>\n<td width=\"142\">\n<p><strong>Objetivo de la Movilidad<\/strong><\/p>\n<\/td>\n<td width=\"76\">\n<p><strong>A\u00f1o de la Movilidad<\/strong><\/p>\n<\/td>\n<\/tr>\n<tr>\n<td width=\"162\">\n<p>RENATO ALEXIS CERNA NU\u00d1EZ<\/p>\n<\/td>\n<td width=\"227\">\n<p>Universidad Nacional Aut\u00f3noma de M\u00e9xico; M\u00e9xico<\/p>\n<\/td>\n<td width=\"142\">\n<p>Estudio de un semestre acad\u00e9mico<\/p>\n<\/td>\n<td width=\"76\">\n<p>2016<\/p>\n<\/td>\n<\/tr>\n<\/tbody>\n<\/table>\n<p>&nbsp;<\/p>\n<p style=\"text-align: justify;\">El programa de estudios participa en la evaluaci\u00f3n de la informaci\u00f3n presentada por los postulantes, quienes entregan los documentos foliados a la ORI, de acuerdo a los requisitos de pre-selecci\u00f3n que se solicitan. El Departamento Acad\u00e9mico de Gesti\u00f3n Empresarial, determina si las asignaturas son equivalentes para poder aceptar la convalidaci\u00f3n. Para ello, se toma en cuenta el Reglamento para la convalidaci\u00f3n de Asignaturas en la UNALM (Anexo 13.3).<\/p>\n<p style=\"text-align: justify;\">En ciertos casos, los estudiantes que accedieron a la movilidad estudiantil son convocados por la ORI para compartir sus conocimientos y experiencias adquiridas durante el intercambio, durante la ceremonia de bienvenida a los estudiantes becados o cuando se organiza una nueva preselecci\u00f3n para el a\u00f1o siguiente.<\/p>\n<ol style=\"text-align: justify;\">\n<li><strong> <\/strong><strong>Movilidad a nivel nacional<\/strong><\/li>\n<\/ol>\n<ul>\n<li style=\"text-align: justify;\"><strong>\u00a0<\/strong><strong>Viajes de estudio<\/strong><\/li>\n<\/ul>\n<p style=\"text-align: justify;\">Existen cursos en el programa de estudios de Ingenier\u00eda en Gesti\u00f3n Empresarial que promueven viajes al interior del pa\u00eds, con la finalidad de aprovechar nuevos conocimientos, aprendizaje de temas relacionados a la negociaci\u00f3n, a las ventas, a la log\u00edstica, etc. Los docentes de las materias y los estudiantes son los encargados de que se lleven a cabo este tipo de movilidad. La participaci\u00f3n de los estudiantes es alta debido a que consideran que aporta al desarrollo de sus habilidades y competencias.<\/p>\n<p style=\"text-align: justify;\">Los estudiantes y docentes en ciertas ocasiones reciben una subvenci\u00f3n de la universidad a trav\u00e9s de la Oficina de Bienestar Universitario (OBU), para el desarrollo de sus actividades en los viajes, pero en otras ocasiones los recursos son propios de cada uno.<\/p>\n<ul style=\"text-align: justify;\">\n<li><strong>Congresos<\/strong><\/li>\n<\/ul>\n<p style=\"text-align: justify;\">Los estudiantes participan en congresos relacionados a la carrera, en las cuales se aprovechan ponencias, magistrales, talleres, conferencias, visitas t\u00e9cnicas, networking, etc. Cada a\u00f1o se forman delegaciones de estudiantes para asistir a congresos desarrollados en el interior del pa\u00eds para fortalecer su aprendizaje y poder crear nuevas experiencias. Los estudiantes tienen la oportunidad de obtener subvenci\u00f3n a trav\u00e9s de la universidad o en otros casos es financiado por ellos mismos.<\/p>\n<p>[\/et_pb_text][\/et_pb_column][\/et_pb_row][\/et_pb_section]<\/p>\n","protected":false},"excerpt":{"rendered":"<p>CARRERA PROFESIONAL DE INGENIER\u00cdA EN GESTI\u00d3N EMPRESARIALMOVILIDAD Y COOPERACI\u00d3NMovilidad acad\u00e9mica de estudiantes En el caso de estudiantes, pueden participar en convocatorias de los diversos programas desarrollados por la ORI-UNALM. La movilidad estudiantil a trav\u00e9s de convenios nacionales o internacionales genera transferencia de conocimiento en estancias de estudios por una duraci\u00f3n de un periodo acad\u00e9mico con [&hellip;]<\/p>\n","protected":false},"author":1,"featured_media":0,"parent":0,"menu_order":0,"comment_status":"closed","ping_status":"closed","template":"","meta":{"_et_pb_use_builder":"on","_et_pb_old_content":"<!-- wp:divi\/placeholder \/-->","_et_gb_content_width":"","footnotes":""},"class_list":["post-490","page","type-page","status-publish","hentry"],"_links":{"self":[{"href":"https:\/\/wp.lamolina.edu.pe\/facultadeconomia\/wp-json\/wp\/v2\/pages\/490","targetHints":{"allow":["GET"]}}],"collection":[{"href":"https:\/\/wp.lamolina.edu.pe\/facultadeconomia\/wp-json\/wp\/v2\/pages"}],"about":[{"href":"https:\/\/wp.lamolina.edu.pe\/facultadeconomia\/wp-json\/wp\/v2\/types\/page"}],"author":[{"embeddable":true,"href":"https:\/\/wp.lamolina.edu.pe\/facultadeconomia\/wp-json\/wp\/v2\/users\/1"}],"replies":[{"embeddable":true,"href":"https:\/\/wp.lamolina.edu.pe\/facultadeconomia\/wp-json\/wp\/v2\/comments?post=490"}],"version-history":[{"count":3,"href":"https:\/\/wp.lamolina.edu.pe\/facultadeconomia\/wp-json\/wp\/v2\/pages\/490\/revisions"}],"predecessor-version":[{"id":871,"href":"https:\/\/wp.lamolina.edu.pe\/facultadeconomia\/wp-json\/wp\/v2\/pages\/490\/revisions\/871"}],"wp:attachment":[{"href":"https:\/\/wp.lamolina.edu.pe\/facultadeconomia\/wp-json\/wp\/v2\/media?parent=490"}],"curies":[{"name":"wp","href":"https:\/\/api.w.org\/{rel}","templated":true}]}}