{"id":7424,"date":"2019-09-07T18:03:37","date_gmt":"2019-09-07T18:03:37","guid":{"rendered":"http:\/\/www.lamolina.edu.pe\/pdrh\/portales\/?page_id=7424"},"modified":"2026-01-26T19:43:02","modified_gmt":"2026-01-26T19:43:02","slug":"requisitos","status":"publish","type":"page","link":"https:\/\/wp.lamolina.edu.pe\/pdrh\/index.php\/requisitos\/","title":{"rendered":"Requisitos"},"content":{"rendered":"<div class=\"wpb-content-wrapper\"><p>[vc_row row_padd=\u00bblg-padding\u00bb][vc_column][vc_empty_space][vc_custom_heading text=\u00bbRequisitos de admisi\u00f3n\u00bb font_container=\u00bbtag:h2|text_align:center|color:%230066cc\u00bb google_fonts=\u00bbfont_family:Francois%20One%3Aregular|font_style:400%20regular%3A400%3Anormal\u00bb css=\u00bb\u00bb][\/vc_column][\/vc_row][vc_row row_padd=\u00bbno-padding\u00bb][vc_column width=\u00bb2\/3&#8243;][vc_column_text css=\u00bb\u00bb]<\/p>\n<div class=\"recuadro\">\n<p>&nbsp;<\/p>\n<p><strong>Inscripci\u00f3n virtual:<a href=\"https:\/\/admision-epg.lamolina.edu.pe\/admision\/146\/especialidad\"><span class=\"texto-verde\"><span style=\"color: #0000ff;\"> https:\/\/admision-epg.lamolina.edu.pe\/admision\/146\/especialidad<\/span> <\/span><\/a><\/strong><\/p>\n<\/div>\n<ol>\n<li>Copia legalizada del t\u00edtulo profesional en ingenier\u00eda o carreras afines.<\/li>\n<li>Certificados de estudios de maestr\u00eda de 4 semestre acad\u00e9micos con promedio ponderado acumulado m\u00ednimo de 14 (acorde con su universidad de origen) y\/u orden de m\u00e9rito en copia legalizada por la universidad de origen.<\/li>\n<li>Grado Acad\u00e9mico de Magister Scientiae (Mg.Sc.), maestro o su equivalente en copia legalizada por la universidad de origen y estar registrado por la autoridad competente (SUNEDU para nacionales y sus equivalentes para los extranjeros).<\/li>\n<li>Acreditar conocimiento de idioma ingl\u00e9s nivel intermedio.<\/li>\n<li>Carta de aceptaci\u00f3n de un docente-investigador adscrito a la EPG para ser su asesor de tesis doctoral.<\/li>\n<li>Perfil de proyecto de investigaci\u00f3n con una extensi\u00f3n m\u00ednima de 3 p\u00e1ginas a un m\u00e1ximo de 6 p\u00e1ginas.<\/li>\n<li>Curr\u00edculo vitae documentado<\/li>\n<li>Copia de DNI o Carnet de extranjer\u00eda.<\/li>\n<li>Dos cartas de recomendaci\u00f3n firmadas por docentes investigadores con grado avanzado.<\/li>\n<li>Constancia de inscripci\u00f3n virtual.<\/li>\n<li>\u00a0Recibo de inscripci\u00f3n de S\/. 500.00 (Quinientos con 00\/100 soles) en el Banco de Cr\u00e9dito del Per\u00fa Cta.Cte N\u00b0: 193-1585157-0-85, Admisi\u00f3n EPG.<\/li>\n<\/ol>\n<p><span style=\"vertical-align: inherit;\"><span style=\"vertical-align: inherit;\">De acuerdo a la evaluaci\u00f3n integral del postulante, estos pueden ser admitidos como alumnos regulares o como alumnos condicionales.<\/span><\/span><\/p>\n<div id=\"gtx-trans\" style=\"position: absolute; left: 530px; top: 38px;\"><\/div>\n<p>[\/vc_column_text][\/vc_column][vc_column width=\u00bb1\/3&#8243;][vc_gallery interval=\u00bb3&#8243; images=\u00bb9354&#8243; css=\u00bb\u00bb][\/vc_column][\/vc_row][vc_row][vc_column][vc_gallery interval=\u00bb3&#8243; images=\u00bb9360&#8243; css=\u00bb\u00bb][\/vc_column][\/vc_row]<\/p>\n<\/div>","protected":false},"excerpt":{"rendered":"<p>[vc_row row_padd=\u00bblg-padding\u00bb][vc_column][vc_empty_space][vc_custom_heading text=\u00bbRequisitos de admisi\u00f3n\u00bb font_container=\u00bbtag:h2|text_align:center|color:%230066cc\u00bb google_fonts=\u00bbfont_family:Francois%20One%3Aregular|font_style:400%20regular%3A400%3Anormal\u00bb css=\u00bb\u00bb][\/vc_column][\/vc_row][vc_row row_padd=\u00bbno-padding\u00bb][vc_column width=\u00bb2\/3&#8243;][vc_column_text css=\u00bb\u00bb] &nbsp; Inscripci\u00f3n virtual: https:\/\/admision-epg.lamolina.edu.pe\/admision\/146\/especialidad Copia legalizada del t\u00edtulo profesional en ingenier\u00eda o carreras afines. Certificados de estudios de maestr\u00eda de 4 semestre acad\u00e9micos con promedio ponderado acumulado m\u00ednimo de 14 (acorde con su universidad de origen) y\/u orden de m\u00e9rito en copia legalizada por&hellip;<\/p>\n","protected":false},"author":1,"featured_media":0,"parent":0,"menu_order":0,"comment_status":"closed","ping_status":"closed","template":"","meta":{"footnotes":""},"class_list":["post-7424","page","type-page","status-publish","hentry"],"_links":{"self":[{"href":"https:\/\/wp.lamolina.edu.pe\/pdrh\/index.php\/wp-json\/wp\/v2\/pages\/7424","targetHints":{"allow":["GET"]}}],"collection":[{"href":"https:\/\/wp.lamolina.edu.pe\/pdrh\/index.php\/wp-json\/wp\/v2\/pages"}],"about":[{"href":"https:\/\/wp.lamolina.edu.pe\/pdrh\/index.php\/wp-json\/wp\/v2\/types\/page"}],"author":[{"embeddable":true,"href":"https:\/\/wp.lamolina.edu.pe\/pdrh\/index.php\/wp-json\/wp\/v2\/users\/1"}],"replies":[{"embeddable":true,"href":"https:\/\/wp.lamolina.edu.pe\/pdrh\/index.php\/wp-json\/wp\/v2\/comments?post=7424"}],"version-history":[{"count":32,"href":"https:\/\/wp.lamolina.edu.pe\/pdrh\/index.php\/wp-json\/wp\/v2\/pages\/7424\/revisions"}],"predecessor-version":[{"id":9361,"href":"https:\/\/wp.lamolina.edu.pe\/pdrh\/index.php\/wp-json\/wp\/v2\/pages\/7424\/revisions\/9361"}],"wp:attachment":[{"href":"https:\/\/wp.lamolina.edu.pe\/pdrh\/index.php\/wp-json\/wp\/v2\/media?parent=7424"}],"curies":[{"name":"wp","href":"https:\/\/api.w.org\/{rel}","templated":true}]}}