{"id":8569,"date":"2017-03-06T06:14:23","date_gmt":"2017-03-06T06:14:23","guid":{"rendered":"http:\/\/demo.acmethemes.com\/education-base-pro\/?page_id=397"},"modified":"2022-05-10T16:39:17","modified_gmt":"2022-05-10T16:39:17","slug":"mision","status":"publish","type":"page","link":"https:\/\/wp.lamolina.edu.pe\/pdrh\/index.php\/services\/mision\/","title":{"rendered":"Misi\u00f3n"},"content":{"rendered":"<p style=\"text-align: justify;\">Formar profesionales de alta capacidad cient\u00edfica y tecnol\u00f3gica para la soluci\u00f3n de los problemas de ingenier\u00eda y gesti\u00f3n sostenible de los recursos h\u00eddricos, en un ambiente de trabajo interdisciplinario, transdisciplinario; por medio de:<\/p>\n<ul>\n<li style=\"text-align: justify;\">\n<p>La formaci\u00f3n de recursos humanos altamente calificados<\/p>\n<\/li>\n<li style=\"text-align: justify;\">\n<p>La investigaci\u00f3n cient\u00edfica b\u00e1sica y aplicada<\/p>\n<\/li>\n<li style=\"text-align: justify;\">\n<p>El desarrollo, adaptaci\u00f3n y transferencia de tecnolog\u00eda<\/p>\n<\/li>\n<li style=\"text-align: justify;\">\n<p>La innovaci\u00f3n en la ingenier\u00eda y gesti\u00f3n sostenible de los recursos h\u00eddricos<\/p>\n<\/li>\n<li style=\"text-align: justify;\">\n<p>La prestaci\u00f3n de servicios tecnol\u00f3gicos, de capacitaci\u00f3n, de extensi\u00f3n, de informaci\u00f3n y de difusi\u00f3n del conocimiento, cient\u00edfica y tecnol\u00f3gica.<\/p>\n<\/li>\n<\/ul>\n\n\n<p><\/p>\n","protected":false},"excerpt":{"rendered":"<p style=\"text-align: justify;\">Formar profesionales de alta capacidad cient&iacute;fica y tecnol&oacute;gica para la soluci&oacute;n de los problemas de ingenier&iacute;a y gesti&oacute;n sostenible de los recursos h&iacute;dricos, en un ambiente de trabajo interdisciplinario, transdisciplinario.<\/p>\n","protected":false},"author":1,"featured_media":0,"parent":8581,"menu_order":0,"comment_status":"closed","ping_status":"closed","template":"","meta":{"footnotes":""},"class_list":["post-8569","page","type-page","status-publish","hentry"],"_links":{"self":[{"href":"https:\/\/wp.lamolina.edu.pe\/pdrh\/index.php\/wp-json\/wp\/v2\/pages\/8569","targetHints":{"allow":["GET"]}}],"collection":[{"href":"https:\/\/wp.lamolina.edu.pe\/pdrh\/index.php\/wp-json\/wp\/v2\/pages"}],"about":[{"href":"https:\/\/wp.lamolina.edu.pe\/pdrh\/index.php\/wp-json\/wp\/v2\/types\/page"}],"author":[{"embeddable":true,"href":"https:\/\/wp.lamolina.edu.pe\/pdrh\/index.php\/wp-json\/wp\/v2\/users\/1"}],"replies":[{"embeddable":true,"href":"https:\/\/wp.lamolina.edu.pe\/pdrh\/index.php\/wp-json\/wp\/v2\/comments?post=8569"}],"version-history":[{"count":5,"href":"https:\/\/wp.lamolina.edu.pe\/pdrh\/index.php\/wp-json\/wp\/v2\/pages\/8569\/revisions"}],"predecessor-version":[{"id":8944,"href":"https:\/\/wp.lamolina.edu.pe\/pdrh\/index.php\/wp-json\/wp\/v2\/pages\/8569\/revisions\/8944"}],"up":[{"embeddable":true,"href":"https:\/\/wp.lamolina.edu.pe\/pdrh\/index.php\/wp-json\/wp\/v2\/pages\/8581"}],"wp:attachment":[{"href":"https:\/\/wp.lamolina.edu.pe\/pdrh\/index.php\/wp-json\/wp\/v2\/media?parent=8569"}],"curies":[{"name":"wp","href":"https:\/\/api.w.org\/{rel}","templated":true}]}}