{"id":8631,"date":"2016-10-17T13:47:25","date_gmt":"2016-10-17T13:47:25","guid":{"rendered":"http:\/\/www.demo.acmethemes.com\/education-base\/?page_id=45"},"modified":"2022-04-30T23:51:28","modified_gmt":"2022-04-30T23:51:28","slug":"abel_mejia","status":"publish","type":"page","link":"https:\/\/wp.lamolina.edu.pe\/pdrh\/index.php\/team\/abel_mejia\/","title":{"rendered":"Dr Abel  Mej\u00eda"},"content":{"rendered":"<p style=\"text-align: justify;\">Ingeniero Agr\u00edcola con Grado de Maestr\u00eda en Ingenier\u00eda de Recursos H\u00eddricos de la Universidad Nacional Agraria la Molina-UNALM, Per\u00fa y Master en Hidrolog\u00eda obtenido en la Universidad Libre de Bruselas, B\u00e9lgica. Grado deDoctor en Ingenier\u00eda Hidr\u00e1ulica obtenido en la Universidad de Sao Paulo, Brasil. Especialista en Recursos H\u00eddricos y Medio Ambiente. Profesor Principal a dedicaci\u00f3n exclusiva en el Departamento de Recursos H\u00eddricos de la Facultad de Ingenier\u00eda Agr\u00edcola de la Universidad Nacional Agraria La Molina, en el dictado de los cursos de Mec\u00e1nica de Fluidos, Hidr\u00e1ulica, Hidrolog\u00eda, Dise\u00f1o de estructuras Hidr\u00e1ulicas, Hidr\u00e1ulica Fluvial, Transporte de Sedimentos, Manejo de Cuencas, Hidr\u00e1ulica Computacional e Hidrolog\u00eda Avanzada, a nivel de pregrado y posgrado.,Jefe de Departamento de Recursos de Agua y Tierra (DRAT), Facultad de Ingenier\u00eda Agr\u00edcola, Universidad Nacional Agraria La Molina, 1990-1992, 1997-1998.Coordinador de la Especialidad de Post-Grado de Ingenier\u00eda de Recursos h\u00eddricos, Universidad Nacional Agraria La Molina, 1991-1993, 1998-1999. Decano de la Facultad de Ingenier\u00eda Agr\u00edcola, Universidad Nacional Agraria La Molina por siete a\u00f1os y tres meses: de mayo de 1999 a mayo del 2005 y de mayo de 2008 a Agosto de 2009. Rector de la Universidad Nacional Agraria La Molina por cinco a\u00f1os y 8 meses: agosto del 2009 hasta Marzo de 2015. Director del Instituto de Ciencia y Tecnolog\u00eda del Agua, de la Universidad Nacional Agraria La Molina, desde Marzo del 2015 a la fecha. Coordinador del Programa de Doctorado en Recursos H\u00eddricos de la Universidad Nacional Agraria La Molina desde Enero del 2015 al 2019. Decano de la Facultad de Ingenier\u00eda Agr\u00edcola , desde 2020 al 2024. m\u00e1s de 30 a\u00f1os de expericia profesional, como consultor, formulador de proyectos, as\u00ed como miembro del Colegio de Ingenieros del Per\u00fa.<\/p>\n","protected":false},"excerpt":{"rendered":"<p>Profesor\/Principal<\/p>\n","protected":false},"author":1,"featured_media":8812,"parent":8639,"menu_order":0,"comment_status":"closed","ping_status":"closed","template":"","meta":{"footnotes":""},"class_list":["post-8631","page","type-page","status-publish","has-post-thumbnail","hentry"],"_links":{"self":[{"href":"https:\/\/wp.lamolina.edu.pe\/pdrh\/index.php\/wp-json\/wp\/v2\/pages\/8631","targetHints":{"allow":["GET"]}}],"collection":[{"href":"https:\/\/wp.lamolina.edu.pe\/pdrh\/index.php\/wp-json\/wp\/v2\/pages"}],"about":[{"href":"https:\/\/wp.lamolina.edu.pe\/pdrh\/index.php\/wp-json\/wp\/v2\/types\/page"}],"author":[{"embeddable":true,"href":"https:\/\/wp.lamolina.edu.pe\/pdrh\/index.php\/wp-json\/wp\/v2\/users\/1"}],"replies":[{"embeddable":true,"href":"https:\/\/wp.lamolina.edu.pe\/pdrh\/index.php\/wp-json\/wp\/v2\/comments?post=8631"}],"version-history":[{"count":3,"href":"https:\/\/wp.lamolina.edu.pe\/pdrh\/index.php\/wp-json\/wp\/v2\/pages\/8631\/revisions"}],"predecessor-version":[{"id":8825,"href":"https:\/\/wp.lamolina.edu.pe\/pdrh\/index.php\/wp-json\/wp\/v2\/pages\/8631\/revisions\/8825"}],"up":[{"embeddable":true,"href":"https:\/\/wp.lamolina.edu.pe\/pdrh\/index.php\/wp-json\/wp\/v2\/pages\/8639"}],"wp:featuredmedia":[{"embeddable":true,"href":"https:\/\/wp.lamolina.edu.pe\/pdrh\/index.php\/wp-json\/wp\/v2\/media\/8812"}],"wp:attachment":[{"href":"https:\/\/wp.lamolina.edu.pe\/pdrh\/index.php\/wp-json\/wp\/v2\/media?parent=8631"}],"curies":[{"name":"wp","href":"https:\/\/api.w.org\/{rel}","templated":true}]}}

Dr Abel  Mejía

<p style="text-align: justify;">Ingeniero Agrícola con Grado de Maestría en Ingeniería de Recursos Hídricos de la Universidad Nacional Agraria la Molina-UNALM, Perú y Master en Hidrología obtenido en la Universidad Libre de Bruselas, Bélgica. Grado deDoctor en Ingeniería Hidráulica obtenido en la Universidad de Sao Paulo, Brasil. Especialista en Recursos Hídricos y Medio Ambiente. Profesor Principal a dedicación exclusiva en el Departamento de Recursos Hídricos de la Facultad de Ingeniería Agrícola de la Universidad Nacional Agraria La Molina, en el dictado de los cursos de Mecánica de Fluidos, Hidráulica, Hidrología, Diseño de estructuras Hidráulicas, Hidráulica Fluvial, Transporte de Sedimentos, Manejo de Cuencas, Hidráulica Computacional e Hidrología Avanzada, a nivel de pregrado y posgrado.,Jefe de Departamento de Recursos de Agua y Tierra (DRAT), Facultad de Ingeniería Agrícola, Universidad Nacional Agraria La Molina, 1990-1992, 1997-1998.Coordinador de la Especialidad de Post-Grado de Ingeniería de Recursos hídricos, Universidad Nacional Agraria La Molina, 1991-1993, 1998-1999. Decano de la Facultad de Ingeniería Agrícola, Universidad Nacional Agraria La Molina por siete años y tres meses: de mayo de 1999 a mayo del 2005 y de mayo de 2008 a Agosto de 2009. Rector de la Universidad Nacional Agraria La Molina por cinco años y 8 meses: agosto del 2009 hasta Marzo de 2015. Director del Instituto de Ciencia y Tecnología del Agua, de la Universidad Nacional Agraria La Molina, desde Marzo del 2015 a la fecha. Coordinador del Programa de Doctorado en Recursos Hídricos de la Universidad Nacional Agraria La Molina desde Enero del 2015 al 2019. Decano de la Facultad de Ingeniería Agrícola , desde 2020 al 2024. más de 30 años de expericia profesional, como consultor, formulador de proyectos, así como miembro del Colegio de Ingenieros del Perú.</p>
