{"id":8641,"date":"2016-10-17T13:42:46","date_gmt":"2016-10-17T13:42:46","guid":{"rendered":"http:\/\/www.demo.acmethemes.com\/education-base\/?page_id=35"},"modified":"2022-05-26T14:17:15","modified_gmt":"2022-05-26T14:17:15","slug":"mercy_ilbay","status":"publish","type":"page","link":"https:\/\/wp.lamolina.edu.pe\/pdrh\/index.php\/testimonials\/mercy_ilbay\/","title":{"rendered":"MERCY ILBAY"},"content":{"rendered":"<p>Mi experiencia en el Programa de Doctorado en Recursos H\u00eddricos se resume a un ambiente de investigaci\u00f3n, aprendizaje de nuevos conceptos y al desarrollo de un pensamiento m\u00e1s cr\u00edtico. Gracias al Doctorado pude presentar y publicar parte de mi trabajo de investigaci\u00f3n en revistas de alto nivel acad\u00e9mico, sin duda una enriquecedora experiencia.<\/p>\n","protected":false},"excerpt":{"rendered":"<p>Mi experiencia en el Programa de Doctorado en Recursos H\u00eddricos se resume a un ambiente de investigaci\u00f3n, aprendizaje de nuevos conceptos y al desarrollo de un pensamiento m\u00e1s cr\u00edtico. <\/p>\n","protected":false},"author":1,"featured_media":8947,"parent":8647,"menu_order":0,"comment_status":"closed","ping_status":"closed","template":"","meta":{"footnotes":""},"class_list":["post-8641","page","type-page","status-publish","has-post-thumbnail","hentry"],"_links":{"self":[{"href":"https:\/\/wp.lamolina.edu.pe\/pdrh\/index.php\/wp-json\/wp\/v2\/pages\/8641","targetHints":{"allow":["GET"]}}],"collection":[{"href":"https:\/\/wp.lamolina.edu.pe\/pdrh\/index.php\/wp-json\/wp\/v2\/pages"}],"about":[{"href":"https:\/\/wp.lamolina.edu.pe\/pdrh\/index.php\/wp-json\/wp\/v2\/types\/page"}],"author":[{"embeddable":true,"href":"https:\/\/wp.lamolina.edu.pe\/pdrh\/index.php\/wp-json\/wp\/v2\/users\/1"}],"replies":[{"embeddable":true,"href":"https:\/\/wp.lamolina.edu.pe\/pdrh\/index.php\/wp-json\/wp\/v2\/comments?post=8641"}],"version-history":[{"count":3,"href":"https:\/\/wp.lamolina.edu.pe\/pdrh\/index.php\/wp-json\/wp\/v2\/pages\/8641\/revisions"}],"predecessor-version":[{"id":9063,"href":"https:\/\/wp.lamolina.edu.pe\/pdrh\/index.php\/wp-json\/wp\/v2\/pages\/8641\/revisions\/9063"}],"up":[{"embeddable":true,"href":"https:\/\/wp.lamolina.edu.pe\/pdrh\/index.php\/wp-json\/wp\/v2\/pages\/8647"}],"wp:featuredmedia":[{"embeddable":true,"href":"https:\/\/wp.lamolina.edu.pe\/pdrh\/index.php\/wp-json\/wp\/v2\/media\/8947"}],"wp:attachment":[{"href":"https:\/\/wp.lamolina.edu.pe\/pdrh\/index.php\/wp-json\/wp\/v2\/media?parent=8641"}],"curies":[{"name":"wp","href":"https:\/\/api.w.org\/{rel}","templated":true}]}}