{"id":8643,"date":"2016-10-17T13:41:16","date_gmt":"2016-10-17T13:41:16","guid":{"rendered":"http:\/\/www.demo.acmethemes.com\/education-base\/?page_id=33"},"modified":"2022-05-26T14:16:48","modified_gmt":"2022-05-26T14:16:48","slug":"sergio_morera","status":"publish","type":"page","link":"https:\/\/wp.lamolina.edu.pe\/pdrh\/index.php\/testimonials\/sergio_morera\/","title":{"rendered":"SERGIO MORERA"},"content":{"rendered":"<p style=\"text-align: justify;\">El Programa de Doctorado en Recursos H\u00eddricos me ha permitido gestionar y desarrollar proyectos de investigaci\u00f3n cient\u00edfica y tecnol\u00f3gica b\u00e1sica y aplicada orientado al manejo y gesti\u00f3n sustentable de los recursos h\u00eddricos, gracias a la calidad y exigencia de los docentes quienes me motivaron a seguir capacit\u00e1ndome y a elegir la docencia y la investigaci\u00f3n como una forma de vida.<\/p>\n<p>.<\/p>\n","protected":false},"excerpt":{"rendered":"<p>El Programa de Doctorado en Recursos H\u00eddricos me ha permitido gestionar y desarrollar proyectos de investigaci\u00f3n cient\u00edfica y tecnol\u00f3gica b\u00e1sica y aplicada orientado al manejo y gesti\u00f3n sustentable de los recursos h\u00eddricos.<\/p>\n","protected":false},"author":1,"featured_media":8949,"parent":8647,"menu_order":0,"comment_status":"closed","ping_status":"closed","template":"","meta":{"footnotes":""},"class_list":["post-8643","page","type-page","status-publish","has-post-thumbnail","hentry"],"_links":{"self":[{"href":"https:\/\/wp.lamolina.edu.pe\/pdrh\/index.php\/wp-json\/wp\/v2\/pages\/8643","targetHints":{"allow":["GET"]}}],"collection":[{"href":"https:\/\/wp.lamolina.edu.pe\/pdrh\/index.php\/wp-json\/wp\/v2\/pages"}],"about":[{"href":"https:\/\/wp.lamolina.edu.pe\/pdrh\/index.php\/wp-json\/wp\/v2\/types\/page"}],"author":[{"embeddable":true,"href":"https:\/\/wp.lamolina.edu.pe\/pdrh\/index.php\/wp-json\/wp\/v2\/users\/1"}],"replies":[{"embeddable":true,"href":"https:\/\/wp.lamolina.edu.pe\/pdrh\/index.php\/wp-json\/wp\/v2\/comments?post=8643"}],"version-history":[{"count":5,"href":"https:\/\/wp.lamolina.edu.pe\/pdrh\/index.php\/wp-json\/wp\/v2\/pages\/8643\/revisions"}],"predecessor-version":[{"id":9062,"href":"https:\/\/wp.lamolina.edu.pe\/pdrh\/index.php\/wp-json\/wp\/v2\/pages\/8643\/revisions\/9062"}],"up":[{"embeddable":true,"href":"https:\/\/wp.lamolina.edu.pe\/pdrh\/index.php\/wp-json\/wp\/v2\/pages\/8647"}],"wp:featuredmedia":[{"embeddable":true,"href":"https:\/\/wp.lamolina.edu.pe\/pdrh\/index.php\/wp-json\/wp\/v2\/media\/8949"}],"wp:attachment":[{"href":"https:\/\/wp.lamolina.edu.pe\/pdrh\/index.php\/wp-json\/wp\/v2\/media?parent=8643"}],"curies":[{"name":"wp","href":"https:\/\/api.w.org\/{rel}","templated":true}]}}