{"id":8649,"date":"2016-10-17T13:35:34","date_gmt":"2016-10-17T13:35:34","guid":{"rendered":"http:\/\/www.demo.acmethemes.com\/education-base\/?page_id=27"},"modified":"2024-02-21T17:11:02","modified_gmt":"2024-02-21T17:11:02","slug":"presentacion","status":"publish","type":"page","link":"https:\/\/wp.lamolina.edu.pe\/pdrh\/index.php\/presentacion\/","title":{"rendered":"Presentaci\u00f3n"},"content":{"rendered":"<p style=\"text-align: justify;\">La Universidad Nacional Agraria La Molina, desde el a\u00f1o 2005, ofrece el Programa de Doctorado en Recursos H\u00eddricos (PDRH), orientado a la obtenci\u00f3n del grado de Doctoris Philosophiae (PhD) en Recursos H\u00eddricos, con el objetivo de formar profesionales de alto nivel, con profundos conocimientos en los fundamentos y aplicaciones de la ingenier\u00eda y gesti\u00f3n de los recursos h\u00eddricos para el uso racional y una gesti\u00f3n eficiente e integral del agua en un contexto del desarrollo sustentable y preservaci\u00f3n de la biodiversidad de los medios acu\u00e1ticos.<\/p>\r\n<p style=\"text-align: justify;\">as\u00ed mismo contribuye con la formaci\u00f3n de profesionales con gran capacidad, destreza, independencia, iniciativa y creatividad, que a trav\u00e9s de la investigaci\u00f3n desarrollo e innovaci\u00f3n desarrollen soluciones a la problem\u00e1tica del agua, el programa de doctorado cuenta con el soporte de profesores altamente calificados con experiencia en investigaci\u00f3n, Convenios institucionales y moderna infraestructura en laboratorios.<\/p>\r\n\r\n<p>&nbsp;<\/p>\r\n","protected":false},"excerpt":{"rendered":"<p style=\"text-align: justify;\">La Universidad Nacional Agraria La Molina, desde el a&ntilde;o 2005, ofrece el Programa de Doctorado en Recursos H&iacute;dricos (PDRH), orientado a la obtenci&oacute;n del grado de Doctoris Philosophiae (PhD) en Recursos H&iacute;dricos, con el objetivo de formar profesionales de alto nivel, con profundos conocimientos en los fundamentos y aplicaciones de la ingenier&iacute;a y gesti&oacute;n de los recursos h&iacute;dricos para el uso racional y una gesti&oacute;n eficiente e integral del agua en un contexto del desarrollo sustentable y preservaci&oacute;n de la biodiversidad de los medios acu&aacute;ticos.<\/p>\n","protected":false},"author":1,"featured_media":9247,"parent":0,"menu_order":0,"comment_status":"closed","ping_status":"closed","template":"","meta":{"footnotes":""},"class_list":["post-8649","page","type-page","status-publish","has-post-thumbnail","hentry"],"_links":{"self":[{"href":"https:\/\/wp.lamolina.edu.pe\/pdrh\/index.php\/wp-json\/wp\/v2\/pages\/8649","targetHints":{"allow":["GET"]}}],"collection":[{"href":"https:\/\/wp.lamolina.edu.pe\/pdrh\/index.php\/wp-json\/wp\/v2\/pages"}],"about":[{"href":"https:\/\/wp.lamolina.edu.pe\/pdrh\/index.php\/wp-json\/wp\/v2\/types\/page"}],"author":[{"embeddable":true,"href":"https:\/\/wp.lamolina.edu.pe\/pdrh\/index.php\/wp-json\/wp\/v2\/users\/1"}],"replies":[{"embeddable":true,"href":"https:\/\/wp.lamolina.edu.pe\/pdrh\/index.php\/wp-json\/wp\/v2\/comments?post=8649"}],"version-history":[{"count":7,"href":"https:\/\/wp.lamolina.edu.pe\/pdrh\/index.php\/wp-json\/wp\/v2\/pages\/8649\/revisions"}],"predecessor-version":[{"id":8931,"href":"https:\/\/wp.lamolina.edu.pe\/pdrh\/index.php\/wp-json\/wp\/v2\/pages\/8649\/revisions\/8931"}],"wp:featuredmedia":[{"embeddable":true,"href":"https:\/\/wp.lamolina.edu.pe\/pdrh\/index.php\/wp-json\/wp\/v2\/media\/9247"}],"wp:attachment":[{"href":"https:\/\/wp.lamolina.edu.pe\/pdrh\/index.php\/wp-json\/wp\/v2\/media?parent=8649"}],"curies":[{"name":"wp","href":"https:\/\/api.w.org\/{rel}","templated":true}]}}