{"id":8655,"date":"2016-10-17T13:30:12","date_gmt":"2016-10-17T13:30:12","guid":{"rendered":"http:\/\/www.demo.acmethemes.com\/education-base\/?page_id=21"},"modified":"2022-05-04T15:35:31","modified_gmt":"2022-05-04T15:35:31","slug":"pachuca","status":"publish","type":"page","link":"https:\/\/wp.lamolina.edu.pe\/pdrh\/index.php\/academics-departments\/pachuca\/","title":{"rendered":"POLIT\u00c9CNICA DE PACHUCA"},"content":{"rendered":"<p><strong>PROP\u00d3SITO DEL ACUERDO:<\/strong><\/p>\n<p style=\"text-align: justify;\">Mediante la firma de este acuerdo, las Universidades Socias se comprometen a realizar actividades espec\u00edficas y acatar los t\u00e9rminos de este acuerdo y cumplir con las obligaciones especificadas por cada una de las partes en este acuerdo.<\/p>\n<p style=\"text-align: justify;\">Este acuerdo incluye t\u00e9rminos en el contexto de intercambio de estudiantes de licenciatura y posgrado, miembros de facultad e investigadores, administrativos, investigaci\u00f3n conjunta, resultados, apropiaci\u00f3n y derecho de uso, las obligaciones de las Universidades Socias, confidencialidad, publicaciones, costos, validez y otros asuntos.<\/p>\n<p style=\"text-align: justify;\">Las Universidades Socias han acordado promover la cooperaci\u00f3n t\u00e9cnica y cient\u00edfica a trav\u00e9s de la investigaci\u00f3n conjunta y la movilidad de estudiantes y miembros de las universidades centradas en intereses mutuos y reciprocidad.<\/p>\n\n\n<p><\/p>\n","protected":false},"excerpt":{"rendered":"<p style=\"text-align: justify;\">Este acuerdo incluye t&eacute;rminos en el contexto de intercambio de estudiantes de licenciatura y posgrado, publicaciones, costos, validez y otros asuntos.<\/p>\n","protected":false},"author":1,"featured_media":8008,"parent":8659,"menu_order":0,"comment_status":"closed","ping_status":"closed","template":"","meta":{"footnotes":""},"class_list":["post-8655","page","type-page","status-publish","has-post-thumbnail","hentry"],"_links":{"self":[{"href":"https:\/\/wp.lamolina.edu.pe\/pdrh\/index.php\/wp-json\/wp\/v2\/pages\/8655","targetHints":{"allow":["GET"]}}],"collection":[{"href":"https:\/\/wp.lamolina.edu.pe\/pdrh\/index.php\/wp-json\/wp\/v2\/pages"}],"about":[{"href":"https:\/\/wp.lamolina.edu.pe\/pdrh\/index.php\/wp-json\/wp\/v2\/types\/page"}],"author":[{"embeddable":true,"href":"https:\/\/wp.lamolina.edu.pe\/pdrh\/index.php\/wp-json\/wp\/v2\/users\/1"}],"replies":[{"embeddable":true,"href":"https:\/\/wp.lamolina.edu.pe\/pdrh\/index.php\/wp-json\/wp\/v2\/comments?post=8655"}],"version-history":[{"count":3,"href":"https:\/\/wp.lamolina.edu.pe\/pdrh\/index.php\/wp-json\/wp\/v2\/pages\/8655\/revisions"}],"predecessor-version":[{"id":8861,"href":"https:\/\/wp.lamolina.edu.pe\/pdrh\/index.php\/wp-json\/wp\/v2\/pages\/8655\/revisions\/8861"}],"up":[{"embeddable":true,"href":"https:\/\/wp.lamolina.edu.pe\/pdrh\/index.php\/wp-json\/wp\/v2\/pages\/8659"}],"wp:featuredmedia":[{"embeddable":true,"href":"https:\/\/wp.lamolina.edu.pe\/pdrh\/index.php\/wp-json\/wp\/v2\/media\/8008"}],"wp:attachment":[{"href":"https:\/\/wp.lamolina.edu.pe\/pdrh\/index.php\/wp-json\/wp\/v2\/media?parent=8655"}],"curies":[{"name":"wp","href":"https:\/\/api.w.org\/{rel}","templated":true}]}}