{"id":372,"date":"2020-11-02T20:09:08","date_gmt":"2020-11-02T20:09:08","guid":{"rendered":"http:\/\/web.lamolina.edu.pe\/unidad_posgradofep\/doctorado_economia\/?page_id=372"},"modified":"2025-11-19T14:11:23","modified_gmt":"2025-11-19T14:11:23","slug":"doctorado-en-economia-de-los-recursos-naturales-y-desarrollo-sustentable-investigaciones","status":"publish","type":"page","link":"https:\/\/wp.lamolina.edu.pe\/unidad_posgradofep\/doctorado_economia\/doctorado-en-economia-de-los-recursos-naturales-y-desarrollo-sustentable-investigaciones\/","title":{"rendered":"Doctorado en Econom\u00eda de los recursos Naturales y Desarrollo Sustentable | Investigaciones"},"content":{"rendered":"<p>[et_pb_section fb_built=\u00bb1&#8243; disabled_on=\u00bboff|off|off\u00bb _builder_version=\u00bb4.6.5&#8243; _module_preset=\u00bbdefault\u00bb custom_padding=\u00bb0px||35px|||\u00bb][et_pb_row _builder_version=\u00bb4.6.5&#8243; _module_preset=\u00bbdefault\u00bb width=\u00bb91%\u00bb max_width=\u00bb100%\u00bb][et_pb_column type=\u00bb4_4&#8243; _builder_version=\u00bb4.6.5&#8243; _module_preset=\u00bbdefault\u00bb][et_pb_text _builder_version=\u00bb4.6.5&#8243; _module_preset=\u00bbdefault\u00bb text_font=\u00bb|600|||||||\u00bb text_text_color=\u00bb#0C5E37&#8243; text_font_size=\u00bb30px\u00bb text_orientation=\u00bbcenter\u00bb custom_margin=\u00bb||11px|||\u00bb]<\/p>\n<p>LINEAS DE INVESTIGACI\u00d3N<\/p>\n<p>[\/et_pb_text][et_pb_image src=\u00bbhttps:\/\/wp.lamolina.edu.pe\/unidad_posgradofep\/doctorado_economia\/wp-content\/uploads\/2020\/10\/pie-seccion.png\u00bb title_text=\u00bbpie-seccion\u00bb _builder_version=\u00bb4.6.5&#8243; _module_preset=\u00bbdefault\u00bb width=\u00bb11%\u00bb max_width=\u00bb100%\u00bb module_alignment=\u00bbcenter\u00bb locked=\u00bboff\u00bb][\/et_pb_image][\/et_pb_column][\/et_pb_row][et_pb_row _builder_version=\u00bb4.6.5&#8243; _module_preset=\u00bbdefault\u00bb width=\u00bb91%\u00bb max_width=\u00bb100%\u00bb custom_margin=\u00bb|auto|-21px|auto||\u00bb custom_padding=\u00bb27px|44px||44px|false|true\u00bb][et_pb_column type=\u00bb4_4&#8243; _builder_version=\u00bb4.6.5&#8243; _module_preset=\u00bbdefault\u00bb][et_pb_text _builder_version=\u00bb4.7.2&#8243; _module_preset=\u00bbdefault\u00bb text_font=\u00bbRaleway||||||||\u00bb text_font_size=\u00bb16px\u00bb custom_margin=\u00bb-13px|||||\u00bb]<\/p>\n<p>&nbsp;<\/p>\n<div class=\"wptb-table-container wptb-table-479 wptb-table-container-0\">\n<div class=\"wptb-table-container-matrix\">\n<table class=\"wptb-preview-table wptb-element-main-table_setting-465\" data-reconstraction=\"1\" style=\"border-width: 0px; border-style: solid; border-image: initial; min-width: 100%; width: 100%; display: table;\" data-wptb-table-tds-sum-max-width=\"1224\" data-wptb-cells-width-auto-count=\"1\" role=\"table\" data-table-columns=\"4\" data-wptb-header-background-color=\"\" data-wptb-even-row-background-color=\"\" data-wptb-odd-row-background-color=\"\" data-wptb-extra-styles=\"LyogRW50ZXIgeW91ciBjdXN0b20gQ1NTIHJ1bGVzIGhlcmUgKi8=\">\n<tbody>\n<tr class=\"wptb-row\">\n<td class=\"wptb-cell\" data-y-index=\"0\" data-x-index=\"0\" style=\"border-width: 1px; width: 283px;\">\n<div class=\"wptb-text-container wptb-ph-element wptb-element-text-25\">\n<div class=\"\" style=\"position: relative;\">\n<h3 style=\"text-align: center;\"><strong>UNALM<\/strong><\/h3>\n<\/div>\n<\/div>\n<\/td>\n<td class=\"wptb-cell\" data-y-index=\"0\" data-x-index=\"1\" style=\"border-width: 1px; width: 406px;\">\n<div class=\"wptb-text-container wptb-ph-element wptb-element-text-56\">\n<div class=\"\" style=\"position: relative;\">\n<h3 style=\"text-align: center;\"><strong>Sublineas del PDERN y DS<\/strong><\/h3>\n<\/div>\n<\/div>\n<\/td>\n<\/tr>\n<tr class=\"wptb-row\">\n<td class=\"wptb-cell\" style=\"border-width: 1px; width: 283px;\" data-x-index=\"0\" data-y-index=\"1\">\n<div class=\"wptb-text-container wptb-ph-element wptb-element-text-352\">\n<div class=\"\" style=\"position: relative;\">\n<p><strong>Seguridad alimentaria<\/strong><\/p>\n<\/div>\n<\/div>\n<\/td>\n<td class=\"wptb-cell\" style=\"border-width: 1px; width: 406px;\" data-x-index=\"1\" data-y-index=\"1\">1. Agricultura sostenible, seguridad alimentaria, politica p\u00fablica, desarrollo rural y cambio socioecon\u00f3mico.<\/td>\n<\/tr>\n<tr class=\"wptb-row\">\n<td class=\"wptb-cell\" style=\"border-width: 1px; width: 283px;\" data-x-index=\"0\" data-y-index=\"2\">\n<div class=\"wptb-text-container wptb-ph-element wptb-element-text-356\">\n<div class=\"\" style=\"position: relative;\">\n<p><strong>Cambio clim\u00e1tico<\/strong><\/p>\n<\/div>\n<\/div>\n<\/td>\n<td class=\"wptb-cell\" style=\"border-width: 1px; width: 406px;\" data-x-index=\"1\" data-y-index=\"2\">\n<div class=\"wptb-text-container wptb-ph-element wptb-element-text-357\">\n<div class=\"\" style=\"position: relative;\">\n<p>2. Econom\u00eda del cambio clim\u00e1tico y gesti\u00f3n de riesgo de desastres.<\/p>\n<\/div>\n<\/div>\n<\/td>\n<\/tr>\n<tr class=\"wptb-row\">\n<td class=\"wptb-cell\" style=\"border-width: 1px; width: 283px;\" data-x-index=\"0\" data-y-index=\"3\">\n<div class=\"wptb-text-container wptb-ph-element wptb-element-text-360\">\n<div class=\"\" style=\"position: relative;\">\n<p><strong>Econom\u00eda de los recursos naturales, medio ambiente y sociedad<\/strong><\/p>\n<\/div>\n<\/div>\n<\/td>\n<td class=\"wptb-cell\" style=\"border-width: 1px; width: 406px;\" data-x-index=\"1\" data-y-index=\"3\">\n<div class=\"wptb-text-container wptb-ph-element wptb-element-text-361\">\n<div class=\"\" style=\"position: relative;\">\n<p>3. Econom\u00eda agraria, cadenas de valor en agricultura. Innovaci\u00f3n de la din\u00e1mica productiva<\/p>\n<p>e\u00a0institucional, gobernanza.<\/p>\n<\/div>\n<\/div>\n<\/td>\n<\/tr>\n<tr class=\"wptb-row\">\n<td class=\"wptb-cell\" style=\"border-width: 1px; width: 283px;\" data-x-index=\"0\" data-y-index=\"3\">\n<div class=\"wptb-text-container wptb-ph-element wptb-element-text-360\">\n<div class=\"\" style=\"position: relative;\">\n<p>&nbsp;<\/p>\n<\/div>\n<\/div>\n<\/td>\n<td class=\"wptb-cell\" style=\"border-width: 1px; width: 406px;\" data-x-index=\"1\" data-y-index=\"3\">\n<div class=\"wptb-text-container wptb-ph-element wptb-element-text-361\">\n<div class=\"\" style=\"position: relative;\">\n<p>4. Econom\u00eda de los recursos naturales; impactos ambientales del crecimiento econ\u00f3mico,<\/p>\n<p>instrumentos de la politica ambiental.<\/p>\n<\/div>\n<\/div>\n<\/td>\n<\/tr>\n<tr class=\"wptb-row\">\n<td class=\"wptb-cell\" style=\"border-width: 1px; width: 283px;\" data-x-index=\"0\" data-y-index=\"3\"><\/td>\n<td class=\"wptb-cell\" style=\"border-width: 1px; width: 406px;\" data-x-index=\"1\" data-y-index=\"3\">\n<div class=\"wptb-text-container wptb-ph-element wptb-element-text-361\">\n<div class=\"\" style=\"position: relative;\">\n<p>5. Retribuci\u00f3n por servicios ecosistemicos y conflictos ambientales.<\/p>\n<p>Econom\u00eda institucional de los recursos naturales.<\/p>\n<\/div>\n<\/div>\n<\/td>\n<\/tr>\n<tr class=\"wptb-row\">\n<td class=\"wptb-cell\" style=\"border-width: 1px; width: 283px;\" data-x-index=\"0\" data-y-index=\"3\"><\/td>\n<td class=\"wptb-cell\" style=\"border-width: 1px; width: 406px;\" data-x-index=\"1\" data-y-index=\"3\">\n<div class=\"wptb-text-container wptb-ph-element wptb-element-text-361\">\n<div class=\"\" style=\"position: relative;\">\n<p>6. Valoraci\u00f3n econ\u00f3mica de servicios ecosistemicos, de la biodiversidad y de impactos<\/p>\n<p>ambientales.<\/p>\n<\/div>\n<\/div>\n<\/td>\n<\/tr>\n<tr class=\"wptb-row\">\n<td class=\"wptb-cell\" style=\"border-width: 1px; width: 283px;\" data-x-index=\"0\" data-y-index=\"3\"><strong>Crecimiento y desarrollo econ\u00f3mico<\/strong><\/td>\n<td class=\"wptb-cell\" style=\"border-width: 1px; width: 406px;\" data-x-index=\"1\" data-y-index=\"3\">\n<div class=\"wptb-text-container wptb-ph-element wptb-element-text-361\">\n<div class=\"\" style=\"position: relative;\">\n<p>7. Economia de crecimiento y desarrollo sustentable.<\/p>\n<\/div>\n<\/div>\n<\/td>\n<\/tr>\n<\/tbody>\n<\/table>\n<\/div>\n<\/div>\n<p>[\/et_pb_text][\/et_pb_column][\/et_pb_row][\/et_pb_section]<\/p>\n","protected":false},"excerpt":{"rendered":"<p>[et_pb_section fb_built=\u00bb1&#8243; disabled_on=\u00bboff|off|off\u00bb _builder_version=\u00bb4.6.5&#8243; _module_preset=\u00bbdefault\u00bb custom_padding=\u00bb0px||35px|||\u00bb][et_pb_row _builder_version=\u00bb4.6.5&#8243; _module_preset=\u00bbdefault\u00bb width=\u00bb91%\u00bb max_width=\u00bb100%\u00bb][et_pb_column type=\u00bb4_4&#8243; _builder_version=\u00bb4.6.5&#8243; _module_preset=\u00bbdefault\u00bb][et_pb_text _builder_version=\u00bb4.6.5&#8243; _module_preset=\u00bbdefault\u00bb text_font=\u00bb|600|||||||\u00bb text_text_color=\u00bb#0C5E37&#8243; text_font_size=\u00bb30px\u00bb text_orientation=\u00bbcenter\u00bb custom_margin=\u00bb||11px|||\u00bb] LINEAS DE INVESTIGACI\u00d3N [\/et_pb_text][et_pb_image src=\u00bbhttps:\/\/wp.lamolina.edu.pe\/unidad_posgradofep\/doctorado_economia\/wp-content\/uploads\/2020\/10\/pie-seccion.png\u00bb title_text=\u00bbpie-seccion\u00bb _builder_version=\u00bb4.6.5&#8243; _module_preset=\u00bbdefault\u00bb width=\u00bb11%\u00bb max_width=\u00bb100%\u00bb module_alignment=\u00bbcenter\u00bb locked=\u00bboff\u00bb][\/et_pb_image][\/et_pb_column][\/et_pb_row][et_pb_row _builder_version=\u00bb4.6.5&#8243; _module_preset=\u00bbdefault\u00bb width=\u00bb91%\u00bb max_width=\u00bb100%\u00bb custom_margin=\u00bb|auto|-21px|auto||\u00bb custom_padding=\u00bb27px|44px||44px|false|true\u00bb][et_pb_column type=\u00bb4_4&#8243; _builder_version=\u00bb4.6.5&#8243; _module_preset=\u00bbdefault\u00bb][et_pb_text _builder_version=\u00bb4.7.2&#8243; _module_preset=\u00bbdefault\u00bb text_font=\u00bbRaleway||||||||\u00bb text_font_size=\u00bb16px\u00bb custom_margin=\u00bb-13px|||||\u00bb] &nbsp; UNALM Sublineas del PDERN y DS Seguridad alimentaria [&hellip;]<\/p>\n","protected":false},"author":1,"featured_media":0,"parent":0,"menu_order":0,"comment_status":"closed","ping_status":"closed","template":"","meta":{"_et_pb_use_builder":"on","_et_pb_old_content":"<!-- wp:divi\/placeholder \/-->","_et_gb_content_width":"","footnotes":""},"class_list":["post-372","page","type-page","status-publish","hentry"],"_links":{"self":[{"href":"https:\/\/wp.lamolina.edu.pe\/unidad_posgradofep\/doctorado_economia\/wp-json\/wp\/v2\/pages\/372","targetHints":{"allow":["GET"]}}],"collection":[{"href":"https:\/\/wp.lamolina.edu.pe\/unidad_posgradofep\/doctorado_economia\/wp-json\/wp\/v2\/pages"}],"about":[{"href":"https:\/\/wp.lamolina.edu.pe\/unidad_posgradofep\/doctorado_economia\/wp-json\/wp\/v2\/types\/page"}],"author":[{"embeddable":true,"href":"https:\/\/wp.lamolina.edu.pe\/unidad_posgradofep\/doctorado_economia\/wp-json\/wp\/v2\/users\/1"}],"replies":[{"embeddable":true,"href":"https:\/\/wp.lamolina.edu.pe\/unidad_posgradofep\/doctorado_economia\/wp-json\/wp\/v2\/comments?post=372"}],"version-history":[{"count":12,"href":"https:\/\/wp.lamolina.edu.pe\/unidad_posgradofep\/doctorado_economia\/wp-json\/wp\/v2\/pages\/372\/revisions"}],"predecessor-version":[{"id":1977,"href":"https:\/\/wp.lamolina.edu.pe\/unidad_posgradofep\/doctorado_economia\/wp-json\/wp\/v2\/pages\/372\/revisions\/1977"}],"wp:attachment":[{"href":"https:\/\/wp.lamolina.edu.pe\/unidad_posgradofep\/doctorado_economia\/wp-json\/wp\/v2\/media?parent=372"}],"curies":[{"name":"wp","href":"https:\/\/api.w.org\/{rel}","templated":true}]}}