{"id":767,"date":"2021-01-17T02:59:06","date_gmt":"2021-01-17T02:59:06","guid":{"rendered":"http:\/\/web.lamolina.edu.pe\/unidad_posgradofep\/doctorado_economia\/?page_id=767"},"modified":"2025-11-20T14:54:58","modified_gmt":"2025-11-20T14:54:58","slug":"doctorado-en-economia-de-los-recursos-naturales-y-desarrollo-sustentable-admision","status":"publish","type":"page","link":"https:\/\/wp.lamolina.edu.pe\/unidad_posgradofep\/doctorado_economia\/doctorado-en-economia-de-los-recursos-naturales-y-desarrollo-sustentable-admision\/","title":{"rendered":"Doctorado en Econom\u00eda de los recursos Naturales y Desarrollo Sustentable | Admisi\u00f3n"},"content":{"rendered":"<p>[et_pb_section fb_built=\u00bb1&#8243; disabled_on=\u00bboff|off|off\u00bb module_id=\u00bbmision\u00bb _builder_version=\u00bb4.6.5&#8243; _module_preset=\u00bbdefault\u00bb custom_padding=\u00bb0px||35px|||\u00bb][et_pb_row _builder_version=\u00bb4.6.5&#8243; _module_preset=\u00bbdefault\u00bb width=\u00bb91%\u00bb max_width=\u00bb100%\u00bb][et_pb_column type=\u00bb4_4&#8243; _builder_version=\u00bb4.6.5&#8243; _module_preset=\u00bbdefault\u00bb][et_pb_text _builder_version=\u00bb4.6.5&#8243; _module_preset=\u00bbdefault\u00bb text_font=\u00bb|600|||||||\u00bb text_text_color=\u00bb#0C5E37&#8243; text_font_size=\u00bb30px\u00bb text_orientation=\u00bbcenter\u00bb custom_margin=\u00bb||11px|||\u00bb]<\/p>\n<p>ADMISI\u00d3N<\/p>\n<p>[\/et_pb_text][et_pb_image src=\u00bbhttps:\/\/wp.lamolina.edu.pe\/unidad_posgradofep\/doctorado_economia\/wp-content\/uploads\/2020\/10\/pie-seccion.png\u00bb title_text=\u00bbpie-seccion\u00bb _builder_version=\u00bb4.6.5&#8243; _module_preset=\u00bbdefault\u00bb width=\u00bb11%\u00bb max_width=\u00bb100%\u00bb module_alignment=\u00bbcenter\u00bb locked=\u00bboff\u00bb][\/et_pb_image][\/et_pb_column][\/et_pb_row][et_pb_row _builder_version=\u00bb4.6.5&#8243; _module_preset=\u00bbdefault\u00bb width=\u00bb91%\u00bb max_width=\u00bb100%\u00bb custom_margin=\u00bb|auto|-21px|auto||\u00bb custom_padding=\u00bb|44px||44px|false|true\u00bb][et_pb_column type=\u00bb4_4&#8243; _builder_version=\u00bb4.6.5&#8243; _module_preset=\u00bbdefault\u00bb][et_pb_text _builder_version=\u00bb4.7.2&#8243; _module_preset=\u00bbdefault\u00bb text_font=\u00bbRaleway||||||||\u00bb text_font_size=\u00bb16px\u00bb]<\/p>\n<p style=\"text-align: justify;\">El programa se dirige a profesionales de pa\u00edses de Am\u00e9rica del Sur interesados en la econom\u00eda de los recursos naturales y el desarrollo sustentable, dada la preocupaci\u00f3n por la investigaci\u00f3n aplicada, un aspecto fundamental de inter\u00e9s es la comprensi\u00f3n de las especificidades de la zona andina y amaz\u00f3nica.<br \/> La convocatoria al concurso de admisi\u00f3n se realiza cada dos o tres a\u00f1os.<br \/> Para recibir mayor informaci\u00f3n respecto al Programa de Doctorado en Econom\u00eda de los Recursos Naturales y el Desarrollo Sustentable, las personas interesadas pueden enviar sus datos al correo: <a href=\"mailto:admision.doctorecon@lamolina.edu.pe\">admision.doctorecon@lamolina.edu.pe<\/a>, con el asunto \u201cAGREGARME A BASE DE DATOS\u201d, de esta forma, ser\u00e1n incorporados a nuestra base de datos y podr\u00e1n recibir la informaci\u00f3n correspondiente del proceso de admisi\u00f3n (calendario de actividades acad\u00e9micas, requisitos, l\u00edneas de investigaci\u00f3n, etc.). As\u00ed tambi\u00e9n, podr\u00e1 recibir informaci\u00f3n adicional acerca de seminarios, conferencias y talleres que organiza nuestro programa doctoral.<br \/> *Indicar: Nombre completo, nacionalidad (si es peruano indicar de que regi\u00f3n del pa\u00eds proviene), especialidad de la Maestr\u00eda y pa\u00eds de residencia.<\/p>\n<p>[\/et_pb_text][et_pb_image src=\u00bbhttps:\/\/wp.lamolina.edu.pe\/unidad_posgradofep\/doctorado_economia\/wp-content\/uploads\/2025\/11\/IX_AFICHE_DOCTORADO.jpg\u00bb title_text=\u00bbIX_AFICHE_DOCTORADO\u00bb align=\u00bbcenter\u00bb _builder_version=\u00bb4.7.2&#8243; _module_preset=\u00bbdefault\u00bb background_image=\u00bbhttps:\/\/wp.lamolina.edu.pe\/unidad_posgradofep\/doctorado_economia\/wp-content\/uploads\/2021\/06\/AFICHE-DOC-ECONO-LOGO-EPG_page-0001-scaled.jpg\u00bb width=\u00bb20%\u00bb max_width=\u00bb50%\u00bb module_alignment=\u00bbcenter\u00bb][\/et_pb_image][\/et_pb_column][\/et_pb_row][\/et_pb_section][et_pb_section fb_built=\u00bb1&#8243; disabled_on=\u00bboff|off|off\u00bb module_id=\u00bbrequisitos\u00bb _builder_version=\u00bb4.6.5&#8243; _module_preset=\u00bbdefault\u00bb custom_padding=\u00bb0px||66px|||\u00bb][et_pb_row _builder_version=\u00bb4.6.5&#8243; _module_preset=\u00bbdefault\u00bb width=\u00bb91%\u00bb max_width=\u00bb100%\u00bb custom_margin=\u00bb|auto|-21px|auto||\u00bb custom_padding=\u00bb|44px||44px|false|true\u00bb][et_pb_column type=\u00bb4_4&#8243; _builder_version=\u00bb4.6.5&#8243; _module_preset=\u00bbdefault\u00bb][et_pb_text _builder_version=\u00bb4.7.2&#8243; _module_preset=\u00bbdefault\u00bb text_font=\u00bbRaleway|700|||||||\u00bb text_text_color=\u00bb#0C5E37&#8243; text_font_size=\u00bb20px\u00bb]<\/p>\n<p>REQUISITOS<\/p>\n<p>[\/et_pb_text][et_pb_text _builder_version=\u00bb4.7.2&#8243; _module_preset=\u00bbdefault\u00bb text_font=\u00bbRaleway||||||||\u00bb text_font_size=\u00bb16px\u00bb custom_margin=\u00bb-21px|||||\u00bb link_option_url_new_window=\u00bbon\u00bb]<\/p>\n<ul>\n<li style=\"text-align: justify;\">Realizar\u00a0su inscripci\u00f3n\u00a0en\u00a0el Sistema\u00a0de Inscripci\u00f3n\u00a0en l\u00ednea:\u00a0<a href=\"https:\/\/admision-epg.lamolina.edu.pe\/\" target=\"_blank\" rel=\"noopener noreferrer\">https:\/\/admision-epg.lamolina.edu.pe\/<\/a><\/li>\n<li style=\"text-align: justify;\">Grado acad\u00e9mico de <em>Mag\u00edster Science<\/em> (Mg.Sc.) o equivalente, en copia\u00a0legalizada por la Universidad de origen y estar registrado por la autoridad\u00a0competente (SUNEDU para los postulantes nacionales o instituciones equivalentes para postulantes extranjeros).<\/li>\n<li style=\"text-align: justify;\">Certificado de estudios de la maestr\u00eda, indicando la relaci\u00f3n de cursos\u00a0realizados y el promedio ponderado acumulado de notas obtenidas en el\u00a0programa m\u00ednimo de 14 (acorde con su universidad de origen) y\/u orden de\u00a0m\u00e9rito en copia legalizada por la universidad de origen.<\/li>\n<li style=\"text-align: justify;\"><em>Curriculum Vitae y\/o CTI Vitae\u00a0<\/em>documentado con copias simples que demuestren alguna\u00a0experiencia previa en actividades de investigaci\u00f3n.<\/li>\n<li style=\"text-align: justify;\">Una propuesta de investigaci\u00f3n (cuya extensi\u00f3n fluct\u00fae entre 3 y 6 p\u00e1ginas), cuyo tema debe encajar en alguna de las l\u00edneas de investigaci\u00f3n del programa. Esta propuesta ser\u00e1 evaluada por el Comit\u00e9 de Admisi\u00f3n del programa, el cual posteriormente asignar\u00e1 un docente-investigador -adscrito a la especialidad- para que sea el asesor de tesis.<\/li>\n<li style=\"text-align: justify;\">Acreditar conocimiento del idioma ingl\u00e9s (a nivel intermedio preferentemente), mediante\u00a0constancia expedida por el Centro de Idiomas de la UNALM-Per\u00fa o alguna\u00a0instituci\u00f3n reconocida a nivel local o del extranjero.<\/li>\n<li style=\"text-align: justify;\">Dos cartas de recomendaci\u00f3n de acad\u00e9micos con grado de Doctor, de acuerdo\u00a0al formato establecido (se dispondr\u00e1 en la web cuando se inicia el proceso de\u00a0Convocatoria).<\/li>\n<li style=\"text-align: justify;\">Copia del documento de identidad.<\/li>\n<li style=\"text-align: justify;\">Constancia de inscripci\u00f3n virtual.<\/li>\n<\/ul>\n<p><strong>EVALUACI\u00d3N<\/strong><\/p>\n<p style=\"text-align: justify;\">Los postulantes ser\u00e1n sometidos a una evaluaci\u00f3n escrita u oral de habilidades en cuatro componentes: habilidades matem\u00e1ticas, habilidades verbales y conocimientos b\u00e1sicos de econom\u00eda (microeconom\u00eda y macroeconom\u00eda). Adem\u00e1s, el Comit\u00e9 de Admisi\u00f3n realizar\u00e1 una entrevista a cada candidato, que ser\u00e1 presencial para los postulantes que domicilian en Lima y virtual para los candidatos al interior del Per\u00fa y del extranjero. Eventualmente, es posible que haya una evaluaci\u00f3n por competencias, en cuyo caso se le dar\u00e1n las instrucciones espec\u00edficas.<\/p>\n<p style=\"text-align: justify;\">La asignaci\u00f3n de vacantes en estricto orden de m\u00e9rito obedecer\u00e1n a:<\/p>\n<ul>\n<li style=\"text-align: justify;\">La evaluaci\u00f3n del curr\u00edculo vitae documentado.<\/li>\n<li style=\"text-align: justify;\">La entrevista presencial o virtual y\/o examen de habilidades.<\/li>\n<li style=\"text-align: justify;\">La experiencia en investigaci\u00f3n y\/o propuesta de investigaci\u00f3n.<\/li>\n<li style=\"text-align: justify;\">La experiencia en docencia.<\/li>\n<\/ul>\n<p style=\"text-align: justify;\">Aquellos candidatos que el Comit\u00e9 Acad\u00e9mico considere que deban aprobar algunos prerrequisitos antes de su registro pleno en el programa, ser\u00e1n invitados a realizar el curso proped\u00e9utico del\u00a0doctorado.<br \/> Los postulantes admitidos al programa doctoral como estudiantes\u00a0regulares, tendr\u00e1n un asesor de tesis de acuerdo al campo, tema y disponibilidad de asesores. Para mantener la condici\u00f3n de estudiante regular, este debe seguir el programa de estudios\u00a0aprobado por el Comit\u00e9 Acad\u00e9mico y mantener un promedio\u00a0aprobatorio.<\/p>\n<p>[\/et_pb_text][\/et_pb_column][\/et_pb_row][\/et_pb_section]<\/p>\n","protected":false},"excerpt":{"rendered":"<p>[et_pb_section fb_built=\u00bb1&#8243; disabled_on=\u00bboff|off|off\u00bb module_id=\u00bbmision\u00bb _builder_version=\u00bb4.6.5&#8243; _module_preset=\u00bbdefault\u00bb custom_padding=\u00bb0px||35px|||\u00bb][et_pb_row _builder_version=\u00bb4.6.5&#8243; _module_preset=\u00bbdefault\u00bb width=\u00bb91%\u00bb max_width=\u00bb100%\u00bb][et_pb_column type=\u00bb4_4&#8243; _builder_version=\u00bb4.6.5&#8243; _module_preset=\u00bbdefault\u00bb][et_pb_text _builder_version=\u00bb4.6.5&#8243; _module_preset=\u00bbdefault\u00bb text_font=\u00bb|600|||||||\u00bb text_text_color=\u00bb#0C5E37&#8243; text_font_size=\u00bb30px\u00bb text_orientation=\u00bbcenter\u00bb custom_margin=\u00bb||11px|||\u00bb] ADMISI\u00d3N [\/et_pb_text][et_pb_image src=\u00bbhttps:\/\/wp.lamolina.edu.pe\/unidad_posgradofep\/doctorado_economia\/wp-content\/uploads\/2020\/10\/pie-seccion.png\u00bb title_text=\u00bbpie-seccion\u00bb _builder_version=\u00bb4.6.5&#8243; _module_preset=\u00bbdefault\u00bb width=\u00bb11%\u00bb max_width=\u00bb100%\u00bb module_alignment=\u00bbcenter\u00bb locked=\u00bboff\u00bb][\/et_pb_image][\/et_pb_column][\/et_pb_row][et_pb_row _builder_version=\u00bb4.6.5&#8243; _module_preset=\u00bbdefault\u00bb width=\u00bb91%\u00bb max_width=\u00bb100%\u00bb custom_margin=\u00bb|auto|-21px|auto||\u00bb custom_padding=\u00bb|44px||44px|false|true\u00bb][et_pb_column type=\u00bb4_4&#8243; _builder_version=\u00bb4.6.5&#8243; _module_preset=\u00bbdefault\u00bb][et_pb_text _builder_version=\u00bb4.7.2&#8243; _module_preset=\u00bbdefault\u00bb text_font=\u00bbRaleway||||||||\u00bb text_font_size=\u00bb16px\u00bb] El programa se dirige a profesionales de pa\u00edses de Am\u00e9rica del [&hellip;]<\/p>\n","protected":false},"author":1,"featured_media":0,"parent":0,"menu_order":0,"comment_status":"closed","ping_status":"closed","template":"","meta":{"_et_pb_use_builder":"on","_et_pb_old_content":"<!-- wp:divi\/placeholder \/-->","_et_gb_content_width":"","footnotes":""},"class_list":["post-767","page","type-page","status-publish","hentry"],"_links":{"self":[{"href":"https:\/\/wp.lamolina.edu.pe\/unidad_posgradofep\/doctorado_economia\/wp-json\/wp\/v2\/pages\/767","targetHints":{"allow":["GET"]}}],"collection":[{"href":"https:\/\/wp.lamolina.edu.pe\/unidad_posgradofep\/doctorado_economia\/wp-json\/wp\/v2\/pages"}],"about":[{"href":"https:\/\/wp.lamolina.edu.pe\/unidad_posgradofep\/doctorado_economia\/wp-json\/wp\/v2\/types\/page"}],"author":[{"embeddable":true,"href":"https:\/\/wp.lamolina.edu.pe\/unidad_posgradofep\/doctorado_economia\/wp-json\/wp\/v2\/users\/1"}],"replies":[{"embeddable":true,"href":"https:\/\/wp.lamolina.edu.pe\/unidad_posgradofep\/doctorado_economia\/wp-json\/wp\/v2\/comments?post=767"}],"version-history":[{"count":65,"href":"https:\/\/wp.lamolina.edu.pe\/unidad_posgradofep\/doctorado_economia\/wp-json\/wp\/v2\/pages\/767\/revisions"}],"predecessor-version":[{"id":1985,"href":"https:\/\/wp.lamolina.edu.pe\/unidad_posgradofep\/doctorado_economia\/wp-json\/wp\/v2\/pages\/767\/revisions\/1985"}],"wp:attachment":[{"href":"https:\/\/wp.lamolina.edu.pe\/unidad_posgradofep\/doctorado_economia\/wp-json\/wp\/v2\/media?parent=767"}],"curies":[{"name":"wp","href":"https:\/\/api.w.org\/{rel}","templated":true}]}}